{"id":1001,"date":"2013-02-26T14:40:12","date_gmt":"2013-02-26T13:40:12","guid":{"rendered":"http:\/\/banques-ecoles-dev.fr\/cms\/?page_id=1001"},"modified":"2013-04-20T17:27:57","modified_gmt":"2013-04-20T16:27:57","slug":"session-2011","status":"publish","type":"page","link":"https:\/\/banques-ecoles.fr\/cms\/filiere-pc\/rapports-des-jurys-de-la-banque-pc\/session-2011\/","title":{"rendered":"Session 2011"},"content":{"rendered":"<p>Rapports de jury des \u00e9preuves scientifiques et litt\u00e9raires pour la session 2011.<\/p>\n<p>&nbsp;<\/p>\n<p><a href=\"\/cms\/wp-content\/data\/filiere-pc\/rapports-des-jurys-de-la-banque-pc\/session-2011\/rap_ecrit_francais_xeulc_mppc2011.pdf\">Rapport de l&rsquo;\u00e9preuve \u00e9crite de fran\u00e7ais &#8211; XEULC &#8211; MP PC<\/a><\/p>\n<p><a href=\"\/cms\/wp-content\/data\/filiere-pc\/rapports-des-jurys-de-la-banque-pc\/session-2011\/rap_ecrit_chimie_xeulc_pc2011.pdf\">Rapport de l&rsquo;\u00e9preuve \u00e9crite de chimie &#8211; XEULC<\/a><\/p>\n<p><a href=\"\/cms\/wp-content\/data\/filiere-pc\/rapports-des-jurys-de-la-banque-pc\/session-2011\/rap_ecrit_math_xeulc_pc2011.pdf\">Rapport de l&rsquo;\u00e9preuve \u00e9crite de math\u00e9matiques &#8211; XEULC<\/a><\/p>\n<p><a href=\"\/cms\/wp-content\/data\/filiere-pc\/rapports-des-jurys-de-la-banque-pc\/session-2011\/rap_ecrit_physique_b_xelc_pc2011.pdf\">Rapport de l&rsquo;\u00e9preuve \u00e9crite de physique B &#8211; XELC<\/a><\/p>\n<p><a href=\"\/cms\/wp-content\/data\/filiere-pc\/rapports-des-jurys-de-la-banque-pc\/session-2011\/rap_ecrit_phy_c.pdf\">Rapport de l&rsquo;\u00e9preuve \u00e9crite de physique C &#8211; U<\/a><\/p>\n<p><a href=\"\/cms\/wp-content\/data\/filiere-pc\/rapports-des-jurys-de-la-banque-pc\/session-2011\/rap_ecrit_info_b_xc_pc2011.pdf\">Rapport de l&rsquo;\u00e9preuve \u00e9crite d&rsquo;informatique B &#8211; XEC &#8211; PC<\/a><\/p>\n<p><a href=\"\/cms\/wp-content\/data\/filiere-pc\/rapports-des-jurys-de-la-banque-pc\/session-2011\/rap_oral_phy_1_2_u_pc2011.pdf\">Rapport des \u00e9preuves orales de physique 1 et 2 &#8211; U<\/a><\/p>\n<p><a href=\"\/cms\/wp-content\/data\/filiere-pc\/rapports-des-jurys-de-la-banque-pc\/session-2011\/rapport_ecrit_pc_lyon_pc2011.pdf\">Rapport de l&rsquo;\u00e9preuve \u00e9crite de physique-chimie &#8211; L<\/a><\/p>\n<p><a href=\"\/cms\/wp-content\/data\/filiere-pc\/rapports-des-jurys-de-la-banque-pc\/session-2011\/rap_oral_chimie_lc_pc2011.pdf\">Rapport de l&rsquo;oral de chimie &#8211; LC<\/a><\/p>\n<p><a href=\"\/cms\/wp-content\/data\/filiere-pc\/rapports-des-jurys-de-la-banque-pc\/session-2011\/rapport_op_lc_pc2011.pdf\">Rapport de l&rsquo;\u00e9preuve orale de physique &#8211; LC<\/a><\/p>\n<p><a href=\"\/cms\/wp-content\/data\/filiere-pc\/rapports-des-jurys-de-la-banque-pc\/session-2011\/rap_oral_chimie_u_pc2011.pdf\">Rapport des oraux 1 et 2 de chimie &#8211; U<\/a><\/p>\n<p><a href=\"\/cms\/wp-content\/data\/filiere-pc\/rapports-des-jurys-de-la-banque-pc\/session-2011\/rap_tp_chimie_ulc_pc2011.pdf\">Rapport des TP de chimie<\/a><\/p>\n<p><a href=\"\/cms\/wp-content\/data\/filiere-pc\/rapports-des-jurys-de-la-banque-pc\/session-2011\/rap_tp_phy_ulc_pc2011.pdf\">Rapport des TP de physique<\/a><\/p>\n<p><a href=\"\/cms\/wp-content\/data\/filiere-pc\/rapports-des-jurys-de-la-banque-pc\/session-2011\/rap_tipe_phychi_ulc_pc2011.pdf\">Rapport de l&rsquo;\u00e9preuve de TIPE physique-chimie<\/a><\/p>\n<p><a href=\"\/cms\/wp-content\/data\/filiere-pc\/rapports-des-jurys-de-la-banque-pc\/session-2011\/copy_of_rap_ecrit_francais_xeulc_mppc2011.pdf\">Rapport de l&rsquo;\u00e9preuve \u00e9crite de fran\u00e7ais XEULC MP PC<\/a><\/p>\n","protected":false},"excerpt":{"rendered":"<p>Rapports de jury des \u00e9preuves scientifiques et litt\u00e9raires pour la session 2011. &nbsp; Rapport de l&rsquo;\u00e9preuve \u00e9crite de fran\u00e7ais &#8211; XEULC &#8211; MP PC Rapport de l&rsquo;\u00e9preuve \u00e9crite de chimie &#8211; XEULC Rapport de l&rsquo;\u00e9preuve \u00e9crite de math\u00e9matiques &#8211; XEULC <a href=\"https:\/\/banques-ecoles.fr\/cms\/filiere-pc\/rapports-des-jurys-de-la-banque-pc\/session-2011\/\">[Lire la suite]<\/a><\/p>\n","protected":false},"author":1,"featured_media":0,"parent":969,"menu_order":1,"comment_status":"closed","ping_status":"open","template":"","meta":{"footnotes":""},"class_list":["post-1001","page","type-page","status-publish","hentry"],"_links":{"self":[{"href":"https:\/\/banques-ecoles.fr\/cms\/wp-json\/wp\/v2\/pages\/1001","targetHints":{"allow":["GET"]}}],"collection":[{"href":"https:\/\/banques-ecoles.fr\/cms\/wp-json\/wp\/v2\/pages"}],"about":[{"href":"https:\/\/banques-ecoles.fr\/cms\/wp-json\/wp\/v2\/types\/page"}],"author":[{"embeddable":true,"href":"https:\/\/banques-ecoles.fr\/cms\/wp-json\/wp\/v2\/users\/1"}],"replies":[{"embeddable":true,"href":"https:\/\/banques-ecoles.fr\/cms\/wp-json\/wp\/v2\/comments?post=1001"}],"version-history":[{"count":4,"href":"https:\/\/banques-ecoles.fr\/cms\/wp-json\/wp\/v2\/pages\/1001\/revisions"}],"predecessor-version":[{"id":2013,"href":"https:\/\/banques-ecoles.fr\/cms\/wp-json\/wp\/v2\/pages\/1001\/revisions\/2013"}],"up":[{"embeddable":true,"href":"https:\/\/banques-ecoles.fr\/cms\/wp-json\/wp\/v2\/pages\/969"}],"wp:attachment":[{"href":"https:\/\/banques-ecoles.fr\/cms\/wp-json\/wp\/v2\/media?parent=1001"}],"curies":[{"name":"wp","href":"https:\/\/api.w.org\/{rel}","templated":true}]}}