{"id":1170,"date":"2013-02-27T09:14:53","date_gmt":"2013-02-27T08:14:53","guid":{"rendered":"http:\/\/banques-ecoles-dev.fr\/cms\/?page_id=1170"},"modified":"2025-03-25T18:44:50","modified_gmt":"2025-03-25T16:44:50","slug":"evenements-de-la-filiere-sciences-sociales","status":"publish","type":"page","link":"https:\/\/banques-ecoles.fr\/cms\/filiere-sciences-sociales\/evenements-de-la-filiere-sciences-sociales\/","title":{"rendered":"\u00c9v\u00e9nements de la fili\u00e8re Sciences sociales"},"content":{"rendered":"<p>\u00c9v\u00e9nements sp\u00e9cifiques de la fili\u00e8re Sciences sociales.<\/p>\n<p><a href=\"https:\/\/banques-ecoles.fr\/cms\/wp-content\/uploads\/2025\/03\/Centres_BLSES_2025.pdf\">Centres d&rsquo;\u00e9crit de la BLSES &#8211; session 2025<\/a><\/p>\n\n\n\n","protected":false},"excerpt":{"rendered":"<p>\u00c9v\u00e9nements sp\u00e9cifiques de la fili\u00e8re Sciences sociales. Centres d&rsquo;\u00e9crit de la BLSES &#8211; session 2025<\/p>\n","protected":false},"author":1,"featured_media":0,"parent":80,"menu_order":0,"comment_status":"closed","ping_status":"open","template":"","meta":{"footnotes":""},"class_list":["post-1170","page","type-page","status-publish","hentry"],"_links":{"self":[{"href":"https:\/\/banques-ecoles.fr\/cms\/wp-json\/wp\/v2\/pages\/1170","targetHints":{"allow":["GET"]}}],"collection":[{"href":"https:\/\/banques-ecoles.fr\/cms\/wp-json\/wp\/v2\/pages"}],"about":[{"href":"https:\/\/banques-ecoles.fr\/cms\/wp-json\/wp\/v2\/types\/page"}],"author":[{"embeddable":true,"href":"https:\/\/banques-ecoles.fr\/cms\/wp-json\/wp\/v2\/users\/1"}],"replies":[{"embeddable":true,"href":"https:\/\/banques-ecoles.fr\/cms\/wp-json\/wp\/v2\/comments?post=1170"}],"version-history":[{"count":7,"href":"https:\/\/banques-ecoles.fr\/cms\/wp-json\/wp\/v2\/pages\/1170\/revisions"}],"predecessor-version":[{"id":12647,"href":"https:\/\/banques-ecoles.fr\/cms\/wp-json\/wp\/v2\/pages\/1170\/revisions\/12647"}],"up":[{"embeddable":true,"href":"https:\/\/banques-ecoles.fr\/cms\/wp-json\/wp\/v2\/pages\/80"}],"wp:attachment":[{"href":"https:\/\/banques-ecoles.fr\/cms\/wp-json\/wp\/v2\/media?parent=1170"}],"curies":[{"name":"wp","href":"https:\/\/api.w.org\/{rel}","templated":true}]}}