{"id":127,"date":"2013-02-01T10:37:07","date_gmt":"2013-02-01T09:37:07","guid":{"rendered":"http:\/\/preprod.banques-ecoles.fr\/cms\/?page_id=127"},"modified":"2020-12-10T12:09:08","modified_gmt":"2020-12-10T10:09:08","slug":"ecoles-partenaires","status":"publish","type":"page","link":"https:\/\/banques-ecoles.fr\/cms\/ecoles-partenaires\/","title":{"rendered":"\u00c9coles partenaires"},"content":{"rendered":"<p>Description succincte des \u00e9coles et liens vers leurs sites internet<\/p>\n<p><a title=\"\u00c9cole normale sup\u00e9rieure\" href=\"\/cms\/contacts\/ecole-normale-superieure\/\">\u00c9cole normale sup\u00e9rieure<\/a><\/p>\n<p><a href=\"\/cms\/contacts\/ecole-normale-superieure-paris-saclay\/\">\u00c9cole normale sup\u00e9rieure Paris-Saclay<\/a><\/p>\n<p><a title=\"\u00c9cole normale sup\u00e9rieure de Lyon\" href=\"\/cms\/contacts\/ecole-normale-superieure-de-lyon\/\">\u00c9cole normale sup\u00e9rieure de Lyon<\/a><\/p>\n<p><a href=\"https:\/\/banques-ecoles.fr\/cms\/ecole-normale-superieure-de-rennes\/\">\u00c9cole normale sup\u00e9rieure de Rennes<\/a><\/p>\n<p><a href=\"http:\/\/www.polytechnique.edu\/\">\u00c9cole polytechnique<\/a><\/p>\n<p><a href=\"http:\/\/www.espci.fr\/fr\/\">\u00c9cole sup\u00e9rieure de physique et chimie industrielles de la ville de Paris<\/a><\/p>\n<p><a title=\"\u00c9cole polytechnique f\u00e9d\u00e9rale de Lausanne \u2013 Suisse\" href=\"\/cms\/contacts\/ecole-polytechnique-federale-de-lausanne-suisse\/\">\u00c9cole polytechnique f\u00e9d\u00e9rale de Lausanne &#8211; Suisse<\/a><\/p>\n","protected":false},"excerpt":{"rendered":"<p>Description succincte des \u00e9coles et liens vers leurs sites internet \u00c9cole normale sup\u00e9rieure \u00c9cole normale sup\u00e9rieure Paris-Saclay \u00c9cole normale sup\u00e9rieure de Lyon \u00c9cole normale sup\u00e9rieure de Rennes \u00c9cole polytechnique \u00c9cole sup\u00e9rieure de physique et chimie industrielles de la ville de <a href=\"https:\/\/banques-ecoles.fr\/cms\/ecoles-partenaires\/\">[Lire la suite]<\/a><\/p>\n","protected":false},"author":1,"featured_media":0,"parent":0,"menu_order":1,"comment_status":"closed","ping_status":"closed","template":"","meta":{"footnotes":""},"class_list":["post-127","page","type-page","status-publish","hentry"],"_links":{"self":[{"href":"https:\/\/banques-ecoles.fr\/cms\/wp-json\/wp\/v2\/pages\/127","targetHints":{"allow":["GET"]}}],"collection":[{"href":"https:\/\/banques-ecoles.fr\/cms\/wp-json\/wp\/v2\/pages"}],"about":[{"href":"https:\/\/banques-ecoles.fr\/cms\/wp-json\/wp\/v2\/types\/page"}],"author":[{"embeddable":true,"href":"https:\/\/banques-ecoles.fr\/cms\/wp-json\/wp\/v2\/users\/1"}],"replies":[{"embeddable":true,"href":"https:\/\/banques-ecoles.fr\/cms\/wp-json\/wp\/v2\/comments?post=127"}],"version-history":[{"count":18,"href":"https:\/\/banques-ecoles.fr\/cms\/wp-json\/wp\/v2\/pages\/127\/revisions"}],"predecessor-version":[{"id":8974,"href":"https:\/\/banques-ecoles.fr\/cms\/wp-json\/wp\/v2\/pages\/127\/revisions\/8974"}],"wp:attachment":[{"href":"https:\/\/banques-ecoles.fr\/cms\/wp-json\/wp\/v2\/media?parent=127"}],"curies":[{"name":"wp","href":"https:\/\/api.w.org\/{rel}","templated":true}]}}