{"id":1281,"date":"2013-02-27T10:31:18","date_gmt":"2013-02-27T09:31:18","guid":{"rendered":"http:\/\/banques-ecoles-dev.fr\/cms\/?page_id=1281"},"modified":"2013-04-21T15:04:28","modified_gmt":"2013-04-21T14:04:28","slug":"session-2004","status":"publish","type":"page","link":"https:\/\/banques-ecoles.fr\/cms\/filieres-universitaires-second-concours-scientifique\/rapports-des-jurys-des-seconds-concours-des-ens-de-lyon-et-paris\/session-2004\/","title":{"rendered":"Session 2004"},"content":{"rendered":"<p>Rapports des jurys des \u00e9preuves \u00e9crites des concours des fili\u00e8res universitaires de la session 2004.<\/p>\n<p>&nbsp;<\/p>\n<p><a href=\"\/cms\/wp-content\/data\/filieres-universitaires\/rapports-des-jurys-du-second-concours\/session-2004\/rapport-2004-second-concours_ecrit_chimie.pdf\">Rapport de l&rsquo;\u00e9crit de chimie<\/a><\/p>\n<p><a href=\"\/cms\/wp-content\/data\/filieres-universitaires\/rapports-des-jurys-du-second-concours\/session-2004\/rapport-2004-second-concours_ecrit_geosciences.pdf\">Rapport de l&rsquo;\u00e9crit de g\u00e9osciences<\/a><\/p>\n<p><a href=\"\/cms\/wp-content\/data\/filieres-universitaires\/rapports-des-jurys-du-second-concours\/session-2004\/rapport-2004-second-concours_ecrit_physique.pdf\">Rapport de l&rsquo;\u00e9crit de physique<\/a><\/p>\n","protected":false},"excerpt":{"rendered":"<p>Rapports des jurys des \u00e9preuves \u00e9crites des concours des fili\u00e8res universitaires de la session 2004. &nbsp; Rapport de l&rsquo;\u00e9crit de chimie Rapport de l&rsquo;\u00e9crit de g\u00e9osciences Rapport de l&rsquo;\u00e9crit de physique<\/p>\n","protected":false},"author":1,"featured_media":0,"parent":1186,"menu_order":2,"comment_status":"closed","ping_status":"open","template":"","meta":{"footnotes":""},"class_list":["post-1281","page","type-page","status-publish","hentry"],"_links":{"self":[{"href":"https:\/\/banques-ecoles.fr\/cms\/wp-json\/wp\/v2\/pages\/1281","targetHints":{"allow":["GET"]}}],"collection":[{"href":"https:\/\/banques-ecoles.fr\/cms\/wp-json\/wp\/v2\/pages"}],"about":[{"href":"https:\/\/banques-ecoles.fr\/cms\/wp-json\/wp\/v2\/types\/page"}],"author":[{"embeddable":true,"href":"https:\/\/banques-ecoles.fr\/cms\/wp-json\/wp\/v2\/users\/1"}],"replies":[{"embeddable":true,"href":"https:\/\/banques-ecoles.fr\/cms\/wp-json\/wp\/v2\/comments?post=1281"}],"version-history":[{"count":3,"href":"https:\/\/banques-ecoles.fr\/cms\/wp-json\/wp\/v2\/pages\/1281\/revisions"}],"predecessor-version":[{"id":2174,"href":"https:\/\/banques-ecoles.fr\/cms\/wp-json\/wp\/v2\/pages\/1281\/revisions\/2174"}],"up":[{"embeddable":true,"href":"https:\/\/banques-ecoles.fr\/cms\/wp-json\/wp\/v2\/pages\/1186"}],"wp:attachment":[{"href":"https:\/\/banques-ecoles.fr\/cms\/wp-json\/wp\/v2\/media?parent=1281"}],"curies":[{"name":"wp","href":"https:\/\/api.w.org\/{rel}","templated":true}]}}