{"id":135,"date":"2013-02-01T10:46:23","date_gmt":"2013-02-01T09:46:23","guid":{"rendered":"http:\/\/preprod.banques-ecoles.fr\/cms\/?page_id=135"},"modified":"2013-02-07T10:40:54","modified_gmt":"2013-02-07T09:40:54","slug":"conditions-dinscription","status":"publish","type":"page","link":"https:\/\/banques-ecoles.fr\/cms\/informations-generales\/conditions-dinscription\/","title":{"rendered":"Conditions d&rsquo;inscription"},"content":{"rendered":"<h1>Dispositions communes aux concours d&rsquo;admission en premi\u00e8re ann\u00e9e dans les \u00c9coles normales sup\u00e9rieures<\/h1>\n<h3>Organisation des concours<\/h3>\n<p>Pour les concours d&rsquo;admission (groupes, sections ou s\u00e9ries) dans chacune des trois \u00c9coles normales sup\u00e9rieures, le nombre de postes offerts, leur r\u00e9partition, les dates des \u00e9preuves \u00e9crites, les dates d&rsquo;ouverture et de cl\u00f4ture des inscriptions obligatoires pour les candidats et l&rsquo;adresse du ou des sites internet pr\u00e9sentant la ou les proc\u00e9dures d&rsquo;inscription sont fix\u00e9s, chaque ann\u00e9e, par arr\u00eat\u00e9s de la ministre charg\u00e9e de l&rsquo;Enseignement sup\u00e9rieur et de la recherche.<\/p>\n<p>&nbsp;<\/p>\n<h3>Conditions d\u2019\u00e2ge<\/h3>\n<p>Il n&rsquo;existe pas de limite d&rsquo;\u00e2ge.<\/p>\n<p>&nbsp;<\/p>\n<h3>Conditions de titres<\/h3>\n<p>Pouvoir justifier, lors de l&rsquo;admission \u00e0 l&rsquo;\u00c9cole, soit du baccalaur\u00e9at, soit d&rsquo;un titre ou d&rsquo;un dipl\u00f4me admis en dispense ou \u00e9quivalence de celui-ci.<br \/>\nLes personnes titulaires d&rsquo;un dipl\u00f4me correspondant \u00e0 240 unit\u00e9s ECTS (European Credit Transfer System) ne peuvent \u00eatre autoris\u00e9es \u00e0 concourir.<\/p>\n<p>&nbsp;<\/p>\n<h3>Nombre de candidatures<\/h3>\n<p>Nul ne peut \u00eatre autoris\u00e9 \u00e0 se pr\u00e9senter plus de trois fois aux \u00e9preuves de l&rsquo;ensemble des concours propres \u00e0 une \u00c9cole, mais pas plus de deux fois en ce qui concerne l&rsquo;ENS de Cachan pour tous les concours d\u2019admission en premi\u00e8re ann\u00e9e.<\/p>\n<p><strong>Nul ne peut \u00eatre candidat \u00e0 plusieurs concours, groupes, sections ou s\u00e9ries d&rsquo;admission dans une m\u00eame \u00c9cole lors d&rsquo;une m\u00eame session.<\/strong><\/p>\n<p>&nbsp;<\/p>\n<h3>Conditions d\u2019acc\u00e8s \u00e0 la fonction publique<\/h3>\n<h4>Candidats fran\u00e7ais<\/h4>\n<p>Les candidats doivent \u00eatre en situation r\u00e9guli\u00e8re au regard de la loi n\u00b097-1019 du 28\/10\/97 portant r\u00e9forme du service national et faisant obligation aux jeunes fran\u00e7aises et fran\u00e7ais de se faire recenser puis de participer \u00e0 une journ\u00e9e d&rsquo;appel de pr\u00e9paration \u00e0 la d\u00e9fense.<\/p>\n<h4>Candidats ressortissants d\u2019un \u00c9tat membre de l\u2019Union europ\u00e9enne ou d\u2019un autre \u00c9tat partie \u00e0 l\u2019accord sur l\u2019Espace \u00e9conomique europ\u00e9en<\/h4>\n<p>Les candidats ressortissants d&rsquo;un \u00c9tat membre de l\u2019Union europ\u00e9enne ou d\u2019un autre \u00c9tat partie \u00e0 l\u2019accord sur l\u2019Espace \u00e9conomique europ\u00e9en doivent satisfaire aux conditions requises pour l&rsquo;acc\u00e8s \u00e0 la fonction publique fix\u00e9espar les articles 5 et 5 bis de la loi du 13 juillet 1983.<\/p>\n<p>Les candidats en instance d&rsquo;acquisition de la nationalit\u00e9 fran\u00e7aise devront l\u2019indiquer sur leur dossier de confirmation d\u2019inscription et adresser au service d&rsquo;inscription concern\u00e9 ou aux \u00c9coles normales sup\u00e9rieures :<\/p>\n<p>&#8211; soit une photocopie de l\u2019accus\u00e9 de r\u00e9ception d\u00e9livr\u00e9 par la sous-direction des naturalisations du minist\u00e8re de l\u2019emploi et de la solidarit\u00e9 (naturalisation par d\u00e9cret),<br \/>\n&#8211; soit une photocopie du r\u00e9c\u00e9piss\u00e9 de d\u00e9claration d\u00e9livr\u00e9 par le juge d\u2019instance ou le consul qui a re\u00e7u la d\u00e9claration (naturalisation par d\u00e9claration).<\/p>\n<p>En application de la loi n\u00b084-16 du 11 janvier 1984 portant dispositions statutaires relatives \u00e0 la fonction publique de l\u2019\u00c9tat, les candidats aux concours doivent remplir les conditions g\u00e9n\u00e9rales pr\u00e9vues aux articles 5 et 5 bis du titre Ier du statut g\u00e9n\u00e9ral et par le statut particulier du corps auxquels ils postulent au plus tard \u00e0 la date de la premi\u00e8re \u00e9preuve du concours.<\/p>\n<h4>Candidats \u00e9trangers hors Union europ\u00e9enne et autre \u00c9tat partie \u00e0 l\u2019accord sur l\u2019Espace \u00e9conomique europ\u00e9en<\/h4>\n<p>Les candidats de nationalit\u00e9 \u00e9trang\u00e8re qui remplissent les conditions de titre et de candidature peuvent s\u2019inscrire. Cependant \u00e0 l\u2019issue des \u00e9preuves des concours, ils ne pourront pas \u00eatre nomm\u00e9s fonctionnaires stagiaires d\u2019une \u00c9cole normale sup\u00e9rieure mais y entreront en qualit\u00e9 d\u2019\u00e9l\u00e8ve \u00e9tranger \u00e0 charge pour eux ou pour leur gouvernement d\u2019acquitter leurs frais de pension et de scolarit\u00e9.<\/p>\n<p>&nbsp;<\/p>\n<h3>Engagement d\u00e9cennal<\/h3>\n<p>Les candidats ressortissants d\u2019un \u00e9tat membre de l\u2019Union europ\u00e9enne ou d\u2019un autre \u00c9tat partie \u00e0 l\u2019accord sur l\u2019Espace \u00e9conomique europ\u00e9en s\u2019engagent \u00e0 exercer une activit\u00e9 professionnelle dans les services de l\u2019\u00c9tat, des collectivit\u00e9s territoriales, de leurs \u00e9tablissements publics ou des entreprises nationales pendant dix ans au moins \u00e0 dater de leur admission dans une \u00c9cole normale sup\u00e9rieure, ou \u00e0 rembourser \u00e0 l\u2019\u00c9tat le montant des sommes per\u00e7ues en qualit\u00e9 d\u2019\u00e9l\u00e8ve de l&rsquo;\u00c9cole. L&rsquo;engagement est sign\u00e9 lors de l&rsquo;installation en tant que fonctionnaire stagiaire dans l&rsquo;ENS \u00e0 la rentr\u00e9e de septembre.<\/p>\n<p>&nbsp;<\/p>\n<h3>Aptitude physique<\/h3>\n<p>Les candidats ressortissants d\u2019un \u00e9tat membre de l\u2019Union europ\u00e9enne ou d\u2019un autre \u00c9tat partie \u00e0 l\u2019accord sur l\u2019Espace \u00e9conomique europ\u00e9en sont avis\u00e9s que leur nomination en qualit\u00e9 de fonctionnaire stagiaire d\u2019une \u00c9cole normale sup\u00e9rieure ne sera d\u00e9finitive qu\u2019apr\u00e8s constatation de leur aptitude physique selon les dispositions pr\u00e9vues par le statut g\u00e9n\u00e9ral de la fonction publique.<\/p>\n","protected":false},"excerpt":{"rendered":"<p>Dispositions communes aux concours d&rsquo;admission en premi\u00e8re ann\u00e9e dans les \u00c9coles normales sup\u00e9rieures Organisation des concours Pour les concours d&rsquo;admission (groupes, sections ou s\u00e9ries) dans chacune des trois \u00c9coles normales sup\u00e9rieures, le nombre de postes offerts, leur r\u00e9partition, les dates <a href=\"https:\/\/banques-ecoles.fr\/cms\/informations-generales\/conditions-dinscription\/\">[Lire la suite]<\/a><\/p>\n","protected":false},"author":1,"featured_media":0,"parent":84,"menu_order":1,"comment_status":"closed","ping_status":"open","template":"","meta":{"footnotes":""},"class_list":["post-135","page","type-page","status-publish","hentry"],"_links":{"self":[{"href":"https:\/\/banques-ecoles.fr\/cms\/wp-json\/wp\/v2\/pages\/135","targetHints":{"allow":["GET"]}}],"collection":[{"href":"https:\/\/banques-ecoles.fr\/cms\/wp-json\/wp\/v2\/pages"}],"about":[{"href":"https:\/\/banques-ecoles.fr\/cms\/wp-json\/wp\/v2\/types\/page"}],"author":[{"embeddable":true,"href":"https:\/\/banques-ecoles.fr\/cms\/wp-json\/wp\/v2\/users\/1"}],"replies":[{"embeddable":true,"href":"https:\/\/banques-ecoles.fr\/cms\/wp-json\/wp\/v2\/comments?post=135"}],"version-history":[{"count":7,"href":"https:\/\/banques-ecoles.fr\/cms\/wp-json\/wp\/v2\/pages\/135\/revisions"}],"predecessor-version":[{"id":558,"href":"https:\/\/banques-ecoles.fr\/cms\/wp-json\/wp\/v2\/pages\/135\/revisions\/558"}],"up":[{"embeddable":true,"href":"https:\/\/banques-ecoles.fr\/cms\/wp-json\/wp\/v2\/pages\/84"}],"wp:attachment":[{"href":"https:\/\/banques-ecoles.fr\/cms\/wp-json\/wp\/v2\/media?parent=135"}],"curies":[{"name":"wp","href":"https:\/\/api.w.org\/{rel}","templated":true}]}}