{"id":138,"date":"2013-02-01T10:48:38","date_gmt":"2013-02-01T09:48:38","guid":{"rendered":"http:\/\/preprod.banques-ecoles.fr\/cms\/?page_id=138"},"modified":"2023-01-03T10:09:40","modified_gmt":"2023-01-03T08:09:40","slug":"modalites-dinscription","status":"publish","type":"page","link":"https:\/\/banques-ecoles.fr\/cms\/informations-generales\/modalites-dinscription\/","title":{"rendered":"Modalit\u00e9s d&rsquo;inscription"},"content":{"rendered":"<p><strong>Ce document d\u00e9crit la proc\u00e9dure d&rsquo;inscription aux concours d&rsquo;admission des \u00c9coles normales sup\u00e9rieures, pour les candidats des fili\u00e8res BCPST, MP, MPI, PC et PSI.<\/strong><\/p>\n<div id=\"parent-fieldname-text\">\n<p>Les inscriptions sont r\u00e9alis\u00e9es sur Internet \u00e0 l&rsquo;adresse<\/p>\n<p><a href=\"https:\/\/mondossier.scei-concours.fr\/PreInscription\/authentificationCandidat?tut_cod=1\" target=\"_blank\" rel=\"noopener\">https:\/\/mondossier.scei-concours.fr\/PreInscription\/authentificationCandidat?tut_cod=1<\/a><\/p>\n<p>(en cas de probl\u00e8me, appeler le 05 62 47 33 43)<\/p>\n<p><b>Vous trouverez, sur ce site, toutes les informations n\u00e9cessaires pour vous inscrire \u00e0 un concours.<\/b><\/p>\n<p>Les candidats doivent imp\u00e9rativement respecter la proc\u00e9dure d&rsquo;inscription suivante, commune \u00e0 plusieurs concours et g\u00e9r\u00e9e par le service concours \u00e9coles d&rsquo;ing\u00e9nieurs [scei], qui comprend trois phases obligatoires :<\/p>\n<ul>\n<li>saisie et validation des donn\u00e9es<\/li>\n<li>\u00e9dition du bordereau \u00abPi\u00e8ces justificatives\u00bb<\/li>\n<li>envoi des pi\u00e8ces justificatives.<\/li>\n<\/ul>\n<h2>Saisie et validation des donn\u00e9es<\/h2>\n<p>Lors de l&rsquo;inscription, et pour tous les concours consid\u00e9r\u00e9s, il est fourni au candidat un num\u00e9ro d&rsquo;inscription unique et un code-signature confidentiel qui sont n\u00e9cessaires pour tout acc\u00e8s au serveur, et ce jusqu&rsquo;\u00e0 la fin de la proc\u00e9dure d&rsquo;int\u00e9gration dans une \u00e9cole. Chaque candidat ne doit s&rsquo;inscrire qu&rsquo;une seule et unique fois pour l&rsquo;ensemble des concours g\u00e9r\u00e9s par le [scei].<\/p>\n<p>Les informations fournies par le candidat engagent sa responsabilit\u00e9. En cas de fausse d\u00e9claration, le candidat s&rsquo;expose \u00e0 des sanctions pouvant aller jusqu&rsquo;\u00e0 l&rsquo;exclusion du (ou des) concours pr\u00e9sent\u00e9(s) et \u00e0 la perte du b\u00e9n\u00e9fice \u00e9ventuel de l&rsquo;admission dans une \u00e9cole.<\/p>\n<p>Apr\u00e8s la saisie des informations demand\u00e9es, le candidat imprime lui-m\u00eame son dossier.<\/p>\n<p>Il v\u00e9rifie ensuite l&rsquo;exactitude des informations saisies et apporte, le cas \u00e9ch\u00e9ant, les modifications n\u00e9cessaires sur Internet. Il peut alors proc\u00e9der \u00e0 la validation de son inscription.<\/p>\n<p>L&rsquo;inscription est valid\u00e9e lorsque la mention \u00abdossier valid\u00e9\u00bb appara\u00eet \u00e0 l&rsquo;\u00e9cran.<\/p>\n<p>Le candidat peut, jusqu&rsquo;au jour de cl\u00f4ture, modifier son dossier, \u00e0 condition de revalider son inscription (\u00e9cran : \u00abdossier valid\u00e9\u00bb).<\/p>\n<p>Aucune inscription n&rsquo;est accept\u00e9e au del\u00e0 de la cl\u00f4ture.<br \/>\nAucune candidature n&rsquo;est retenue si elle n&rsquo;a pas fait l&rsquo;objet, au pr\u00e9alable, d&rsquo;une inscription sur le site Internet.<\/p>\n<h2>\u00c9dition du bordereau \u00abPi\u00e8ces justificatives\u00bb<\/h2>\n<p>Le bordereau \u00abPi\u00e8ces justificatives\u00bb est disponible sur le site le lendemain de la cl\u00f4ture des inscriptions. Le candidat doit obligatoirement l&rsquo;imprimer lui-m\u00eame.<\/p>\n<h2>Envoi des pi\u00e8ces justificatives<\/h2>\n<p>Le candidat doit adresser (par l&rsquo;interm\u00e9diaire de son lyc\u00e9e s&rsquo;il est scolaris\u00e9), dans le d\u00e9lai fix\u00e9, le bordereau \u00abPi\u00e8ces justificatives\u00bb sign\u00e9 et accompagn\u00e9 des pi\u00e8ces demand\u00e9es , \u00e0 l&rsquo;adresse en vigueur indiqu\u00e9e sur le site [SCEI] .<\/p>\n<p>L&rsquo;inscription au(x) concours sera rejet\u00e9e si l&rsquo;ensemble des pi\u00e8ces justificatives n&rsquo;est pas parvenu dans le d\u00e9lai fixe.<\/p>\n<p>Le candidat doit, pendant toute la dur\u00e9e des concours, tenir \u00e0 jour sur le serveur Internet ses coordonn\u00e9es (adresse postale, adresse \u00e9lectronique, n\u00b0 de t\u00e9l\u00e9phone, etc.). Le candidat peut \u00e9galement, \u00e0 l&rsquo;aide de son code-signature confidentiel, consulter son dossier \u00e0 tout moment et ce jusqu&rsquo;\u00e0 la fin des concours.<\/p>\n<\/div>\n","protected":false},"excerpt":{"rendered":"<p>Ce document d\u00e9crit la proc\u00e9dure d&rsquo;inscription aux concours d&rsquo;admission des \u00c9coles normales sup\u00e9rieures, pour les candidats des fili\u00e8res BCPST, MP, MPI, PC et PSI. Les inscriptions sont r\u00e9alis\u00e9es sur Internet \u00e0 l&rsquo;adresse https:\/\/mondossier.scei-concours.fr\/PreInscription\/authentificationCandidat?tut_cod=1 (en cas de probl\u00e8me, appeler le 05 <a href=\"https:\/\/banques-ecoles.fr\/cms\/informations-generales\/modalites-dinscription\/\">[Lire la suite]<\/a><\/p>\n","protected":false},"author":1,"featured_media":0,"parent":84,"menu_order":0,"comment_status":"closed","ping_status":"open","template":"","meta":{"footnotes":""},"class_list":["post-138","page","type-page","status-publish","hentry"],"_links":{"self":[{"href":"https:\/\/banques-ecoles.fr\/cms\/wp-json\/wp\/v2\/pages\/138","targetHints":{"allow":["GET"]}}],"collection":[{"href":"https:\/\/banques-ecoles.fr\/cms\/wp-json\/wp\/v2\/pages"}],"about":[{"href":"https:\/\/banques-ecoles.fr\/cms\/wp-json\/wp\/v2\/types\/page"}],"author":[{"embeddable":true,"href":"https:\/\/banques-ecoles.fr\/cms\/wp-json\/wp\/v2\/users\/1"}],"replies":[{"embeddable":true,"href":"https:\/\/banques-ecoles.fr\/cms\/wp-json\/wp\/v2\/comments?post=138"}],"version-history":[{"count":8,"href":"https:\/\/banques-ecoles.fr\/cms\/wp-json\/wp\/v2\/pages\/138\/revisions"}],"predecessor-version":[{"id":10785,"href":"https:\/\/banques-ecoles.fr\/cms\/wp-json\/wp\/v2\/pages\/138\/revisions\/10785"}],"up":[{"embeddable":true,"href":"https:\/\/banques-ecoles.fr\/cms\/wp-json\/wp\/v2\/pages\/84"}],"wp:attachment":[{"href":"https:\/\/banques-ecoles.fr\/cms\/wp-json\/wp\/v2\/media?parent=138"}],"curies":[{"name":"wp","href":"https:\/\/api.w.org\/{rel}","templated":true}]}}