{"id":1825,"date":"2013-04-19T19:35:57","date_gmt":"2013-04-19T18:35:57","guid":{"rendered":"https:\/\/banques-ecoles.fr\/cms\/?page_id=1825"},"modified":"2013-04-22T19:00:40","modified_gmt":"2013-04-22T18:00:40","slug":"session-2013","status":"publish","type":"page","link":"https:\/\/banques-ecoles.fr\/cms\/filiere-pc\/annales-de-la-banque-pc\/session-2013\/","title":{"rendered":"Session 2013"},"content":{"rendered":"<p>Sujets des \u00e9preuves \u00e9crites de la banque PC, pour la session 2013.<\/p>\n<p>&nbsp;<\/p>\n<p><a href=\"\/cms\/wp-content\/uploads\/2013\/04\/13_mppc_fr_xeulc.pdf\">Sujet de l&rsquo;\u00e9crit de fran\u00e7ais &#8211; 4h &#8211; MP-PC XEULC<\/a><\/p>\n<p><a href=\"\/cms\/wp-content\/uploads\/2013\/04\/13_mppc_lv_expressionecrite_xeulc.pdf\">Sujet LV expression \u00e9crite &#8211; 1h30 &#8211; MP-PC XEULC<\/a><\/p>\n<p><a href=\"\/cms\/wp-content\/uploads\/2013\/04\/13_mppc_lv_version_xeulc.pdf\">Sujet LV version &#8211; 1h30 &#8211; MP-PC XEULC<\/a><\/p>\n<p><a href=\"\/cms\/wp-content\/uploads\/2013\/04\/13_pc_math_xeulc.pdf\">Sujet de l&rsquo;\u00e9crit Math &#8211; 4h &#8211; PC XEULC<\/a><\/p>\n<p><a href=\"\/cms\/wp-content\/uploads\/2013\/04\/13_pc_chi_xeulc.pdf\">Sujet de l&rsquo;\u00e9crit Chimie &#8211; 4h &#8211; PC XEULC<\/a><\/p>\n<p><a href=\"\/cms\/wp-content\/uploads\/2013\/04\/13_pc_phy_a_xe.pdf\">Sujet de l&rsquo;\u00e9crit Phy A &#8211; 4h &#8211; PC XE<\/a><\/p>\n<p><a href=\"\/cms\/wp-content\/uploads\/2013\/04\/13_pc_phy_b_xelc.pdf\">Sujet de l&rsquo;\u00e9crit Phy B &#8211; 4h &#8211; PC XELC<\/a><\/p>\n<p><a href=\"\/cms\/wp-content\/uploads\/2013\/04\/13_pc_phy_c_u.pdf\">Sujet de l&rsquo;\u00e9crit Phy C &#8211; 6h &#8211; PC U<\/a><\/p>\n<p><a href=\"\/cms\/wp-content\/uploads\/2013\/04\/13_pc_phychi_lyon.pdf\">Sujet de l&rsquo;\u00e9crit PhyChi &#8211; 5h &#8211; PC L<\/a><\/p>\n<p><a href=\"\/cms\/wp-content\/uploads\/2013\/04\/13_mppc_info_b_xec.pdf\">Sujet de l&rsquo;\u00e9crit Info B &#8211; 2h &#8211; MP(hors Info)-PC XEC<\/a><\/p>\n<p><!-- REM\n<a href=\"\/cms\/wp-content\/uploads\/2013\/04\/13_mp_math_a_-xlc.pdf\">Sujet de l'\u00e9crit Math A - 4h - XLC<\/a>\n--><\/p>\n","protected":false},"excerpt":{"rendered":"<p>Sujets des \u00e9preuves \u00e9crites de la banque PC, pour la session 2013. &nbsp; Sujet de l&rsquo;\u00e9crit de fran\u00e7ais &#8211; 4h &#8211; MP-PC XEULC Sujet LV expression \u00e9crite &#8211; 1h30 &#8211; MP-PC XEULC Sujet LV version &#8211; 1h30 &#8211; MP-PC XEULC <a href=\"https:\/\/banques-ecoles.fr\/cms\/filiere-pc\/annales-de-la-banque-pc\/session-2013\/\">[Lire la suite]<\/a><\/p>\n","protected":false},"author":5,"featured_media":0,"parent":968,"menu_order":0,"comment_status":"closed","ping_status":"open","template":"","meta":{"footnotes":""},"class_list":["post-1825","page","type-page","status-publish","hentry"],"_links":{"self":[{"href":"https:\/\/banques-ecoles.fr\/cms\/wp-json\/wp\/v2\/pages\/1825","targetHints":{"allow":["GET"]}}],"collection":[{"href":"https:\/\/banques-ecoles.fr\/cms\/wp-json\/wp\/v2\/pages"}],"about":[{"href":"https:\/\/banques-ecoles.fr\/cms\/wp-json\/wp\/v2\/types\/page"}],"author":[{"embeddable":true,"href":"https:\/\/banques-ecoles.fr\/cms\/wp-json\/wp\/v2\/users\/5"}],"replies":[{"embeddable":true,"href":"https:\/\/banques-ecoles.fr\/cms\/wp-json\/wp\/v2\/comments?post=1825"}],"version-history":[{"count":22,"href":"https:\/\/banques-ecoles.fr\/cms\/wp-json\/wp\/v2\/pages\/1825\/revisions"}],"predecessor-version":[{"id":1832,"href":"https:\/\/banques-ecoles.fr\/cms\/wp-json\/wp\/v2\/pages\/1825\/revisions\/1832"}],"up":[{"embeddable":true,"href":"https:\/\/banques-ecoles.fr\/cms\/wp-json\/wp\/v2\/pages\/968"}],"wp:attachment":[{"href":"https:\/\/banques-ecoles.fr\/cms\/wp-json\/wp\/v2\/media?parent=1825"}],"curies":[{"name":"wp","href":"https:\/\/api.w.org\/{rel}","templated":true}]}}