{"id":2994,"date":"2014-04-05T13:25:58","date_gmt":"2014-04-05T12:25:58","guid":{"rendered":"https:\/\/banques-ecoles.fr\/cms\/?page_id=2994"},"modified":"2025-10-21T13:38:06","modified_gmt":"2025-10-21T11:38:06","slug":"oraux-pc-2017","status":"publish","type":"page","link":"https:\/\/banques-ecoles.fr\/cms\/filiere-pc\/oraux-pc-2017\/","title":{"rendered":"Oraux PC 2026"},"content":{"rendered":"\n\n\n\n\n<ul class=\"wp-block-list\">\n<li>Dates des \u00e9preuves pratiques et orales : du 15 juin au 11 juillet 2026<\/li>\n<\/ul>\n\n\n\n<ul class=\"wp-block-list\">\n<li><a href=\"https:\/\/banques-ecoles.fr\/cms\/wp-content\/uploads\/2025\/05\/25_Lieux_des_oraux.pdf\" target=\"_blank\" rel=\"noreferrer noopener\">Localisation des \u00e9preuves orales<\/a><\/li>\n\n\n\n<li><a href=\"https:\/\/banques-ecoles.fr\/cms\/wp-content\/uploads\/2025\/06\/25_Oraux_sciences_duree-des-epreuves_interENS.pdf\" target=\"_blank\" rel=\"noreferrer noopener\">Dur\u00e9e des \u00e9preuves orales<\/a><\/li>\n<\/ul>\n\n\n\n<ul class=\"wp-block-list\">\n<li>Page de garde du TIPE (\u00e0 t\u00e9l\u00e9charger avant le <em>date \u00e0 venir<\/em>) :\n<ul class=\"wp-block-list\">\n<li><a href=\"https:\/\/banques-ecoles.fr\/cms\/wp-content\/uploads\/2025\/06\/25_pc_pdg.pdf\" target=\"_blank\" rel=\"noreferrer noopener\">PDF<\/a><\/li>\n\n\n\n<li><a href=\"https:\/\/banques-ecoles.fr\/cms\/wp-content\/uploads\/2025\/06\/25_pc_pdg.xlsx\">XLSX<\/a><\/li>\n<\/ul>\n<\/li>\n\n\n\n<li><a href=\"https:\/\/banques-ecoles.fr\/cms\/wp-content\/uploads\/2025\/06\/25_contacts_secretariats.pdf\" target=\"_blank\" rel=\"noreferrer noopener\">Contacts secr\u00e9tariats<\/a><\/li>\n\n\n\n<li><a href=\"https:\/\/banques-ecoles.fr\/cms\/wp-content\/uploads\/2025\/06\/25_Consignes-aux-candidats_oral_TP_Chimie_Ulm_Lyon_Saclay.pdf\" target=\"_blank\" rel=\"noreferrer noopener\">Consignes relatives aux TP de chimie<\/a><\/li>\n\n\n\n<li><a href=\"https:\/\/banques-ecoles.fr\/cms\/wp-content\/uploads\/2025\/06\/25_Consignes-aux-candidats_oral_Chimie_Lyon_Saclay.pdf\" target=\"_blank\" rel=\"noreferrer noopener\">Consignes relatives \u00e0 l&rsquo;oral de chimie Paris-Saclay\/Lyon<\/a><\/li>\n\n\n\n<li><a href=\"https:\/\/banques-ecoles.fr\/cms\/wp-content\/uploads\/2025\/06\/25_Consignes-aux-candidats_oral_Physique_Lyon_Saclay.pdf\" target=\"_blank\" rel=\"noreferrer noopener\">Consignes relatives \u00e0 l&rsquo;oral de physique Paris-Saclay\/Lyon<\/a><\/li>\n\n\n\n<li><a href=\"https:\/\/www.ens.psl.eu\/hebergement-des-candidats-pendant-les-epreuves\" target=\"_blank\" rel=\"noreferrer noopener\">H\u00e9bergement \u00e0 Paris<\/a> (Campus de Montrouge)<\/li>\n\n\n\n<li><a href=\"https:\/\/ens-paris-saclay.fr\/actualite\/bienvenue-aux-candidats-admissibles-2024\">H\u00e9bergement \u00e0 Paris-Saclay<\/a><\/li>\n\n\n\n<li><a href=\"https:\/\/banques-ecoles.fr\/cms\/filiere-mp\/oraux-mp-2019\/nouvelle-epreuve-de-langues\/\">\u00c9preuve de langues<\/a><\/li>\n\n\n\n<li><a href=\"https:\/\/banques-ecoles.fr\/cms\/wp-content\/uploads\/2023\/06\/Plan_acces_X.pdf\" target=\"_blank\" rel=\"noreferrer noopener\">Plan de l&rsquo;\u00c9cole polytechnique<\/a><\/li>\n\n\n\n<li><a href=\"https:\/\/banques-ecoles.fr\/cms\/wp-content\/uploads\/2015\/06\/15_PC_MP_plan_sallesLV.pdf\" target=\"_blank\" rel=\"noopener\">Situation des salles de LV \u00e0 l&rsquo;X<\/a><\/li>\n<\/ul>\n\n\n\n\n\n<ul class=\"wp-block-list\">\n<li>R\u00e9sultats de l\u2019admission le 17 juillet 2026<\/li>\n<\/ul>\n\n\n","protected":false},"excerpt":{"rendered":"","protected":false},"author":5,"featured_media":0,"parent":74,"menu_order":0,"comment_status":"closed","ping_status":"open","template":"","meta":{"footnotes":""},"class_list":["post-2994","page","type-page","status-publish","hentry"],"_links":{"self":[{"href":"https:\/\/banques-ecoles.fr\/cms\/wp-json\/wp\/v2\/pages\/2994","targetHints":{"allow":["GET"]}}],"collection":[{"href":"https:\/\/banques-ecoles.fr\/cms\/wp-json\/wp\/v2\/pages"}],"about":[{"href":"https:\/\/banques-ecoles.fr\/cms\/wp-json\/wp\/v2\/types\/page"}],"author":[{"embeddable":true,"href":"https:\/\/banques-ecoles.fr\/cms\/wp-json\/wp\/v2\/users\/5"}],"replies":[{"embeddable":true,"href":"https:\/\/banques-ecoles.fr\/cms\/wp-json\/wp\/v2\/comments?post=2994"}],"version-history":[{"count":210,"href":"https:\/\/banques-ecoles.fr\/cms\/wp-json\/wp\/v2\/pages\/2994\/revisions"}],"predecessor-version":[{"id":13050,"href":"https:\/\/banques-ecoles.fr\/cms\/wp-json\/wp\/v2\/pages\/2994\/revisions\/13050"}],"up":[{"embeddable":true,"href":"https:\/\/banques-ecoles.fr\/cms\/wp-json\/wp\/v2\/pages\/74"}],"wp:attachment":[{"href":"https:\/\/banques-ecoles.fr\/cms\/wp-json\/wp\/v2\/media?parent=2994"}],"curies":[{"name":"wp","href":"https:\/\/api.w.org\/{rel}","templated":true}]}}