{"id":3734,"date":"2014-11-14T16:36:14","date_gmt":"2014-11-14T14:36:14","guid":{"rendered":"https:\/\/banques-ecoles.fr\/cms\/?page_id=3734"},"modified":"2015-04-12T18:31:30","modified_gmt":"2015-04-12T16:31:30","slug":"session-2014","status":"publish","type":"page","link":"https:\/\/banques-ecoles.fr\/cms\/filieres-universitaires-second-concours-scientifique\/annales-du-second-concours-de-lens-paris\/session-2014\/","title":{"rendered":"Session 2014"},"content":{"rendered":"<p>Sujets des \u00e9preuves \u00e9crites du concours des fili\u00e8res m\u00e9dicale et pharmaceutique, pour la session 2014.<\/p>\n<p>&nbsp;<\/p>\n<p>Sujet de l&rsquo;\u00e9crit de Biologie-biochimie<\/p>\n<p>Sujet de l&rsquo;\u00e9crit de Chimie-Physique<\/p>\n<p>Sujet de l&rsquo;\u00e9crit de Physique-Math\u00e9matiques<\/p>\n","protected":false},"excerpt":{"rendered":"<p>Sujets des \u00e9preuves \u00e9crites du concours des fili\u00e8res m\u00e9dicale et pharmaceutique, pour la session 2014. &nbsp; Sujet de l&rsquo;\u00e9crit de Biologie-biochimie Sujet de l&rsquo;\u00e9crit de Chimie-Physique Sujet de l&rsquo;\u00e9crit de Physique-Math\u00e9matiques<\/p>\n","protected":false},"author":5,"featured_media":0,"parent":1185,"menu_order":0,"comment_status":"closed","ping_status":"open","template":"","meta":{"footnotes":""},"class_list":["post-3734","page","type-page","status-publish","hentry"],"_links":{"self":[{"href":"https:\/\/banques-ecoles.fr\/cms\/wp-json\/wp\/v2\/pages\/3734","targetHints":{"allow":["GET"]}}],"collection":[{"href":"https:\/\/banques-ecoles.fr\/cms\/wp-json\/wp\/v2\/pages"}],"about":[{"href":"https:\/\/banques-ecoles.fr\/cms\/wp-json\/wp\/v2\/types\/page"}],"author":[{"embeddable":true,"href":"https:\/\/banques-ecoles.fr\/cms\/wp-json\/wp\/v2\/users\/5"}],"replies":[{"embeddable":true,"href":"https:\/\/banques-ecoles.fr\/cms\/wp-json\/wp\/v2\/comments?post=3734"}],"version-history":[{"count":2,"href":"https:\/\/banques-ecoles.fr\/cms\/wp-json\/wp\/v2\/pages\/3734\/revisions"}],"predecessor-version":[{"id":4039,"href":"https:\/\/banques-ecoles.fr\/cms\/wp-json\/wp\/v2\/pages\/3734\/revisions\/4039"}],"up":[{"embeddable":true,"href":"https:\/\/banques-ecoles.fr\/cms\/wp-json\/wp\/v2\/pages\/1185"}],"wp:attachment":[{"href":"https:\/\/banques-ecoles.fr\/cms\/wp-json\/wp\/v2\/media?parent=3734"}],"curies":[{"name":"wp","href":"https:\/\/api.w.org\/{rel}","templated":true}]}}