{"id":4024,"date":"2015-04-12T18:03:58","date_gmt":"2015-04-12T16:03:58","guid":{"rendered":"https:\/\/banques-ecoles.fr\/cms\/?page_id=4024"},"modified":"2015-09-16T09:36:31","modified_gmt":"2015-09-16T07:36:31","slug":"session-2015","status":"publish","type":"page","link":"https:\/\/banques-ecoles.fr\/cms\/filiere-mp\/annales-de-la-banque-i\/session-2015\/","title":{"rendered":"Session 2015"},"content":{"rendered":"<p>Sujets des \u00e9preuves \u00e9crites de la banque M\/Info 2015.<\/p>\n<p>&nbsp;<\/p>\n<p><a title=\"15_mp_sujet_mathsA_xlcr\" href=\"https:\/\/banques-ecoles.fr\/cms\/wp-content\/uploads\/2015\/09\/15_mp_sujet_mathsA_xlcr.pdf\" target=\"_blank\">\u00c9preuve \u00e9crite de Math A &#8211; 4h &#8211; MP XLCR<\/a><\/p>\n<p>(\u00c9preuve \u00e9crite de Math B &#8211; 4h &#8211; MP X)<\/p>\n<p><a href=\"https:\/\/banques-ecoles.fr\/cms\/wp-content\/uploads\/2015\/07\/15_mp_sujet_mathc.pdf\">\u00c9preuve \u00e9crite de Math C &#8211; 4h &#8211; MP ULCR<\/a><\/p>\n<p>(\u00c9preuve \u00e9crite de Math D &#8211; 6h &#8211; MP U)<\/p>\n<p><a title=\"15_mp_sujet_infoA_xulcr\" href=\"https:\/\/banques-ecoles.fr\/cms\/wp-content\/uploads\/2015\/09\/15_mp_sujet_infoA_xulcr.pdf\" target=\"_blank\">\u00c9preuve \u00e9crite de Info A &#8211; 4h &#8211; MP XULCR<\/a><\/p>\n<p><a title=\"15_mp-pc_infoB_xelcr\" href=\"https:\/\/banques-ecoles.fr\/cms\/wp-content\/uploads\/2015\/09\/15_mp-pc_sujet_infoB_xelcr.pdf\" target=\"_blank\">\u00c9preuve \u00e9crite de Info B &#8211; 2h &#8211; MP-PC XELCR<\/a><\/p>\n<p><a href=\"https:\/\/banques-ecoles.fr\/cms\/wp-content\/uploads\/2015\/04\/15_mp_sujet_phy.pdf\">\u00c9preuve \u00e9crite de Physique &#8211; 4h &#8211; MP XULCR<\/a><\/p>\n<p><a href=\"https:\/\/banques-ecoles.fr\/cms\/wp-content\/uploads\/2015\/07\/15_mp_sujet_infomath.pdf\">\u00c9preuve \u00e9crite de Info-Math &#8211; 4h &#8211; MP ULCR<\/a><\/p>\n<p>(\u00c9preuve \u00e9crite de P&amp;SI &#8211; 4h &#8211; MP X)<\/p>\n<p><a title=\"15_mp-pc_francais_xeulcr\" href=\"https:\/\/banques-ecoles.fr\/cms\/wp-content\/uploads\/2015\/09\/15_mp-pc_sujet_francais_xeulcr.pdf\" target=\"_blank\">\u00c9preuve \u00e9crite de fran\u00e7ais &#8211; 4h &#8211; MP-PC XEULCR<\/a><\/p>\n<p>\u00c9preuve \u00e9crite\u00a0de LV &#8211; 4h &#8211; MP-PC XEULCR<\/p>\n<ul>\n<li><a title=\"15_mp-pc_allemand_xeulcr\" href=\"https:\/\/banques-ecoles.fr\/cms\/wp-content\/uploads\/2015\/09\/15_mp-pc_sujet_allemand_xeulcr.pdf\" target=\"_blank\">allemand<\/a><\/li>\n<li><a title=\"15_mp-pc_anglais_xeulcr\" href=\"https:\/\/banques-ecoles.fr\/cms\/wp-content\/uploads\/2015\/09\/15_mp-pc_sujet_anglais_xeulcr.pdf\" target=\"_blank\">anglais<\/a><\/li>\n<li><a href=\"https:\/\/banques-ecoles.fr\/cms\/wp-content\/uploads\/2015\/09\/15_mp-pc_sujet_arabe_xeulcr.pdf\" target=\"_blank\">arabe<\/a><\/li>\n<li><a title=\"15_mp-pc_chinois\" href=\"https:\/\/banques-ecoles.fr\/cms\/wp-content\/uploads\/2015\/09\/15_mp-pc_sujet_chinois_xeulcr.pdf\" target=\"_blank\">chinois<\/a><\/li>\n<li><a title=\"15_mp-pc_espagnol_xeulcr\" href=\"https:\/\/banques-ecoles.fr\/cms\/wp-content\/uploads\/2015\/09\/15_mp-pc_sujet_espagnol_xeulcr.pdf\" target=\"_blank\">espagnol<\/a><\/li>\n<\/ul>\n","protected":false},"excerpt":{"rendered":"<p>Sujets des \u00e9preuves \u00e9crites de la banque M\/Info 2015. &nbsp; \u00c9preuve \u00e9crite de Math A &#8211; 4h &#8211; MP XLCR (\u00c9preuve \u00e9crite de Math B &#8211; 4h &#8211; MP X) \u00c9preuve \u00e9crite de Math C &#8211; 4h &#8211; MP ULCR <a href=\"https:\/\/banques-ecoles.fr\/cms\/filiere-mp\/annales-de-la-banque-i\/session-2015\/\">[Lire la suite]<\/a><\/p>\n","protected":false},"author":5,"featured_media":0,"parent":727,"menu_order":0,"comment_status":"closed","ping_status":"open","template":"","meta":{"footnotes":""},"class_list":["post-4024","page","type-page","status-publish","hentry"],"_links":{"self":[{"href":"https:\/\/banques-ecoles.fr\/cms\/wp-json\/wp\/v2\/pages\/4024","targetHints":{"allow":["GET"]}}],"collection":[{"href":"https:\/\/banques-ecoles.fr\/cms\/wp-json\/wp\/v2\/pages"}],"about":[{"href":"https:\/\/banques-ecoles.fr\/cms\/wp-json\/wp\/v2\/types\/page"}],"author":[{"embeddable":true,"href":"https:\/\/banques-ecoles.fr\/cms\/wp-json\/wp\/v2\/users\/5"}],"replies":[{"embeddable":true,"href":"https:\/\/banques-ecoles.fr\/cms\/wp-json\/wp\/v2\/comments?post=4024"}],"version-history":[{"count":21,"href":"https:\/\/banques-ecoles.fr\/cms\/wp-json\/wp\/v2\/pages\/4024\/revisions"}],"predecessor-version":[{"id":4456,"href":"https:\/\/banques-ecoles.fr\/cms\/wp-json\/wp\/v2\/pages\/4024\/revisions\/4456"}],"up":[{"embeddable":true,"href":"https:\/\/banques-ecoles.fr\/cms\/wp-json\/wp\/v2\/pages\/727"}],"wp:attachment":[{"href":"https:\/\/banques-ecoles.fr\/cms\/wp-json\/wp\/v2\/media?parent=4024"}],"curies":[{"name":"wp","href":"https:\/\/api.w.org\/{rel}","templated":true}]}}