{"id":4259,"date":"2015-07-27T17:12:33","date_gmt":"2015-07-27T15:12:33","guid":{"rendered":"https:\/\/banques-ecoles.fr\/cms\/?page_id=4259"},"modified":"2016-05-23T17:15:13","modified_gmt":"2016-05-23T15:15:13","slug":"session-2015","status":"publish","type":"page","link":"https:\/\/banques-ecoles.fr\/cms\/filiere-mp\/rapports-des-jurys-de-la-banque-mmpmpi\/session-2015\/","title":{"rendered":"Session 2015"},"content":{"rendered":"<p>Rapports de jury de la banque M\/MP-M\/MPI 2015.<\/p>\n<div>\n<p>&nbsp;<\/p>\n<p>\u00c9preuve \u00e9crite de Math A &#8211; XLCR<\/p>\n<p>\u00c9preuve \u00e9crite\u00a0de Math B \u2013 X<\/p>\n<p><a href=\"https:\/\/banques-ecoles.fr\/cms\/wp-content\/uploads\/2015\/09\/15_mp_rap_emathc.pdf\">\u00c9preuve \u00e9crite de Math\u00e9matiques C \u2013 ULCR<\/a><\/p>\n<p><a href=\"https:\/\/banques-ecoles.fr\/cms\/wp-content\/uploads\/2015\/07\/15_mp_rap_emathd.pdf\">\u00c9preuve \u00e9crite de math\u00e9matiques D \u2013 U<\/a><\/p>\n<p><a href=\"https:\/\/banques-ecoles.fr\/cms\/wp-content\/uploads\/2016\/01\/15_mp_rap_ephy.pdf\">\u00c9preuve \u00e9crite\u00a0de physique \u2013 XULCR<\/a><\/p>\n<p><a href=\"https:\/\/banques-ecoles.fr\/cms\/wp-content\/uploads\/2016\/01\/15_mp_i_rap_einfoa.pdf\">\u00c9preuve \u00e9crite\u00a0d\u2019Info A 4h \u2013 XULCR<\/a><\/p>\n<p><a href=\"https:\/\/banques-ecoles.fr\/cms\/wp-content\/uploads\/2016\/01\/15_mp_rap_einfob.pdf\">\u00c9preuve \u00e9crite\u00a0d\u2019Info B 2h \u2013 XLCR<\/a><\/p>\n<p>\u00c9preuve \u00e9crite\u00a0P&amp;SI \u2013 X<\/p>\n<p><a href=\"https:\/\/banques-ecoles.fr\/cms\/wp-content\/uploads\/2016\/01\/15_mp_pc_rap_efr.pdf\">\u00c9preuve \u00e9crite\u00a0de fran\u00e7ais &#8211; XULCR<\/a><\/p>\n<p>\u00c9preuve \u00e9crite\u00a0de LV &#8211; XULCR<\/p>\n<ul>\n<li>anglais<\/li>\n<li><a href=\"https:\/\/banques-ecoles.fr\/cms\/wp-content\/uploads\/2016\/01\/15_mp_pc_rap_elvall.pdf\">allemand<\/a><\/li>\n<li>arabe<\/li>\n<li>chinois<\/li>\n<li>espagnol<\/li>\n<\/ul>\n<p>&nbsp;<\/p>\n<p>\u00c9preuve orale de math\u00e9matiques \u2013 ULCR<\/p>\n<p>\u00c9preuve orale de math\u00e9matiques \u2013 U<\/p>\n<p>\u00c9preuve orale\u00a0de math\u00e9matiques \u2013 CR<\/p>\n<p>\u00c9preuve orale\u00a0de math\u00e9matiques \u2013 L<\/p>\n<p><a href=\"https:\/\/banques-ecoles.fr\/cms\/wp-content\/uploads\/2015\/09\/15_mp_rap_ophy_lcr.pdf\">\u00c9preuve orale\u00a0de physique &#8211; LCR<\/a><\/p>\n<p><a href=\"https:\/\/banques-ecoles.fr\/cms\/wp-content\/uploads\/2015\/07\/15_mp_rap_ophyu.pdf\">\u00c9preuve orale de physique &#8211; U<\/a><\/p>\n<p>\u00c9preuve orale\u00a0d\u2019informatique fondamentale \u2013 LCR<\/p>\n<p><a href=\"https:\/\/banques-ecoles.fr\/cms\/wp-content\/uploads\/2015\/11\/15_mp_i_rap_oinfou.pdf\">\u00c9preuve orale d\u2019informatique &#8211; U<\/a><\/p>\n<p>\u00c9preuve de TIPE \u2013 ULCR<\/p>\n<ul>\n<li><a href=\"https:\/\/banques-ecoles.fr\/cms\/wp-content\/uploads\/2016\/05\/15_mp_rap_tipeinfo.pdf\">informatique<\/a><\/li>\n<li><a href=\"https:\/\/banques-ecoles.fr\/cms\/wp-content\/uploads\/2016\/05\/15_mp_rap_tipemath.pdf\">math\u00e9matiques<\/a><\/li>\n<li>physique<\/li>\n<\/ul>\n<p>\u00c9preuve orale\u00a0de LV &#8211; XULCR<\/p>\n<ul>\n<li><a href=\"https:\/\/banques-ecoles.fr\/cms\/wp-content\/uploads\/2016\/01\/15_mp_pc_rap_olvang.pdf\">anglais<\/a><\/li>\n<li><a href=\"https:\/\/banques-ecoles.fr\/cms\/wp-content\/uploads\/2016\/01\/15_mp_pc_rap_olvall.pdf\">allemand<\/a><\/li>\n<li>arabe<\/li>\n<li><a href=\"https:\/\/banques-ecoles.fr\/cms\/wp-content\/uploads\/2016\/01\/15_mp_pc_rap_olvchi.pdf\">chinois<\/a><\/li>\n<li>espagnol<\/li>\n<\/ul>\n<\/div>\n","protected":false},"excerpt":{"rendered":"<p>Rapports de jury de la banque M\/MP-M\/MPI 2015. &nbsp; \u00c9preuve \u00e9crite de Math A &#8211; XLCR \u00c9preuve \u00e9crite\u00a0de Math B \u2013 X \u00c9preuve \u00e9crite de Math\u00e9matiques C \u2013 ULCR \u00c9preuve \u00e9crite de math\u00e9matiques D \u2013 U \u00c9preuve \u00e9crite\u00a0de physique \u2013 <a href=\"https:\/\/banques-ecoles.fr\/cms\/filiere-mp\/rapports-des-jurys-de-la-banque-mmpmpi\/session-2015\/\">[Lire la suite]<\/a><\/p>\n","protected":false},"author":5,"featured_media":0,"parent":730,"menu_order":0,"comment_status":"closed","ping_status":"open","template":"","meta":{"footnotes":""},"class_list":["post-4259","page","type-page","status-publish","hentry"],"_links":{"self":[{"href":"https:\/\/banques-ecoles.fr\/cms\/wp-json\/wp\/v2\/pages\/4259","targetHints":{"allow":["GET"]}}],"collection":[{"href":"https:\/\/banques-ecoles.fr\/cms\/wp-json\/wp\/v2\/pages"}],"about":[{"href":"https:\/\/banques-ecoles.fr\/cms\/wp-json\/wp\/v2\/types\/page"}],"author":[{"embeddable":true,"href":"https:\/\/banques-ecoles.fr\/cms\/wp-json\/wp\/v2\/users\/5"}],"replies":[{"embeddable":true,"href":"https:\/\/banques-ecoles.fr\/cms\/wp-json\/wp\/v2\/comments?post=4259"}],"version-history":[{"count":17,"href":"https:\/\/banques-ecoles.fr\/cms\/wp-json\/wp\/v2\/pages\/4259\/revisions"}],"predecessor-version":[{"id":4985,"href":"https:\/\/banques-ecoles.fr\/cms\/wp-json\/wp\/v2\/pages\/4259\/revisions\/4985"}],"up":[{"embeddable":true,"href":"https:\/\/banques-ecoles.fr\/cms\/wp-json\/wp\/v2\/pages\/730"}],"wp:attachment":[{"href":"https:\/\/banques-ecoles.fr\/cms\/wp-json\/wp\/v2\/media?parent=4259"}],"curies":[{"name":"wp","href":"https:\/\/api.w.org\/{rel}","templated":true}]}}