{"id":74,"date":"2012-11-29T14:08:03","date_gmt":"2012-11-29T13:08:03","guid":{"rendered":"http:\/\/127.0.0.1\/wordpress342\/?page_id=74"},"modified":"2025-12-11T10:35:56","modified_gmt":"2025-12-11T08:35:56","slug":"filiere-pc","status":"publish","type":"page","link":"https:\/\/banques-ecoles.fr\/cms\/filiere-pc\/","title":{"rendered":"Fili\u00e8re PC"},"content":{"rendered":"<p>Informations relatives au concours d&rsquo;admission pour la fili\u00e8re PC.<\/p>\n<h2>I. Description du concours et inscription<\/h2>\n<div id=\"parent-fieldname-text\">\n<ul>\n<li><a href=\"https:\/\/banques-ecoles.fr\/cms\/wp-content\/uploads\/2025\/12\/26_structure_PC_bq.pdf\"><span class=\"internal-link\"><span class=\"internal-link\"><span class=\"internal-link\">S<\/span><\/span><\/span><span class=\"internal-link\"><span class=\"internal-link\"><span class=\"internal-link\">tructure et calendrier de la banque PC X-ENS-ESPCI \u00a0&#8211; session 2026<\/span><\/span><\/span><\/a><\/li>\n<li><a title=\"Conditions d\u2019inscription\" href=\"http:\/\/banques-ecoles.fr\/cms\/informations-generales\/conditions-dinscription\/\">Conditions d&rsquo;inscription<\/a><\/li>\n<li><a title=\"Modalit\u00e9s d\u2019inscription\" href=\"http:\/\/banques-ecoles.fr\/cms\/informations-generales\/modalites-dinscription\/\">Modalit\u00e9s d&rsquo;inscription<\/a><\/li>\n<\/ul>\n<h2>II. D\u00e9roulement du concours<\/h2>\n<ul>\n<li><a href=\"https:\/\/banques-ecoles.fr\/cms\/?p=2997\">\u00c9crits PC session 2026<\/a><\/li>\n<li><a href=\"https:\/\/banques-ecoles.fr\/cms\/filiere-pc\/oraux-pc-2017\/\">Oraux PC session 2026<\/a><\/li>\n<\/ul>\n<\/div>\n\n\n<ul>\n<li>Assister aux \u00e9preuves orales<\/li>\n<\/ul>\n<p>Inscription en ligne :<\/p>\n<p><a href=\"https:\/\/www.billetweb.fr\/pc-physique-ulm\" target=\"_blank\" rel=\"noopener\">Physique U<\/a><\/p>\n<p>Chimie U<\/p>\n<p>Physique LS<\/p>\n<p>Chimie LS<\/p>\n<p>Math<\/p>\n<p>&nbsp;<\/p>\n<h2>III. Annales et rapports de jury<\/h2>\n<p><em>Classement par ann\u00e9es<\/em><\/p>\n<ul>\n<li><a href=\"http:\/\/banques-ecoles.fr\/cms\/filiere-pc\/annales-de-la-banque-pc\/\">Annales class\u00e9es par ann\u00e9es<\/a><\/li>\n<li><a href=\"http:\/\/banques-ecoles.fr\/cms\/filiere-pc\/rapports-des-jurys-de-la-banque-pc\/\">Rapports des jurys class\u00e9s par ann\u00e9es<\/a><\/li>\n<\/ul>\n<p><em>Classement par discipline<\/em><\/p>\n<ul>\n<li><a href=\"http:\/\/banques-ecoles.fr\/cms\/filiere-pc\/les-annales-et-rapports-des-jurys\/\">Annales et rapports des jurys class\u00e9s par discipline<\/a><\/li>\n<\/ul>\n\n\n","protected":false},"excerpt":{"rendered":"<p>Informations relatives au concours d&rsquo;admission pour la fili\u00e8re PC. I. Description du concours et inscription Structure et calendrier de la banque PC X-ENS-ESPCI \u00a0&#8211; session 2026 Conditions d&rsquo;inscription Modalit\u00e9s d&rsquo;inscription II. D\u00e9roulement du concours \u00c9crits PC session 2026 Oraux PC <a href=\"https:\/\/banques-ecoles.fr\/cms\/filiere-pc\/\">[Lire la suite]<\/a><\/p>\n","protected":false},"author":1,"featured_media":0,"parent":0,"menu_order":4,"comment_status":"closed","ping_status":"closed","template":"","meta":{"footnotes":""},"class_list":["post-74","page","type-page","status-publish","hentry"],"_links":{"self":[{"href":"https:\/\/banques-ecoles.fr\/cms\/wp-json\/wp\/v2\/pages\/74","targetHints":{"allow":["GET"]}}],"collection":[{"href":"https:\/\/banques-ecoles.fr\/cms\/wp-json\/wp\/v2\/pages"}],"about":[{"href":"https:\/\/banques-ecoles.fr\/cms\/wp-json\/wp\/v2\/types\/page"}],"author":[{"embeddable":true,"href":"https:\/\/banques-ecoles.fr\/cms\/wp-json\/wp\/v2\/users\/1"}],"replies":[{"embeddable":true,"href":"https:\/\/banques-ecoles.fr\/cms\/wp-json\/wp\/v2\/comments?post=74"}],"version-history":[{"count":103,"href":"https:\/\/banques-ecoles.fr\/cms\/wp-json\/wp\/v2\/pages\/74\/revisions"}],"predecessor-version":[{"id":13219,"href":"https:\/\/banques-ecoles.fr\/cms\/wp-json\/wp\/v2\/pages\/74\/revisions\/13219"}],"wp:attachment":[{"href":"https:\/\/banques-ecoles.fr\/cms\/wp-json\/wp\/v2\/media?parent=74"}],"curies":[{"name":"wp","href":"https:\/\/api.w.org\/{rel}","templated":true}]}}