{"id":778,"date":"2013-02-26T09:15:00","date_gmt":"2013-02-26T08:15:00","guid":{"rendered":"http:\/\/banques-ecoles-dev.fr\/cms\/?page_id=778"},"modified":"2013-04-21T14:35:52","modified_gmt":"2013-04-21T13:35:52","slug":"session-2005","status":"publish","type":"page","link":"https:\/\/banques-ecoles.fr\/cms\/filiere-mp\/annales-de-la-banque-i\/session-2005\/","title":{"rendered":"Session 2005"},"content":{"rendered":"<p>Sujets des \u00e9preuves \u00e9crites de la banque I, pour la session 2005.<\/p>\n<p>&nbsp;<\/p>\n<p><a href=\"\/cms\/wp-content\/data\/filiere-mp\/annales-de-la-banque-i\/session-2005\/sujet-ecrit-2005-mp-pc_francais.pdf\">Sujet de fran\u00e7ais<\/a><\/p>\n<p><a href=\"\/cms\/wp-content\/data\/filiere-mp\/annales-de-la-banque-i\/session-2005\/sujet-ecrit-2005-mp-pc_langue_vivante_1.pdf\">Sujet de langue vivante<\/a><\/p>\n<p><a href=\"\/cms\/wp-content\/data\/filiere-mp\/annales-de-la-banque-i\/session-2005\/sujet-ecrit-2005-mp-i_informatique.pdf\">Sujet d&rsquo;informatique<\/a><\/p>\n<p><a href=\"\/cms\/wp-content\/data\/filiere-mp\/annales-de-la-banque-i\/session-2005\/sujet-ecrit-2005-i_mathematiques_informatique.pdf\">Sujet de math\u00e9matiques-informatique<\/a><\/p>\n<p><a href=\"\/cms\/wp-content\/data\/filiere-mp\/annales-de-la-banque-i\/session-2005\/sujet-ecrit-2005-pc_chimie_2.pdf\">Sujet de chimie<\/a><\/p>\n<p><a href=\"\/cms\/wp-content\/data\/filiere-mp\/annales-de-la-banque-i\/session-2005\/sujet-ecrit-2005-mp_mathematiques_2.pdf\">Sujet de math\u00e9matiques<\/a><\/p>\n<p><a href=\"\/cms\/wp-content\/data\/filiere-mp\/annales-de-la-banque-i\/session-2005\/sujet-ecrit-2005-pc_physique_2.pdf\">Sujet de physique<\/a><\/p>\n<p><a href=\"\/cms\/wp-content\/data\/filiere-mp\/annales-de-la-banque-i\/session-2005\/sujet-tp-2005-i-labyrinthes.pdf\">Sujet d&rsquo;algorithmique et programmation 1<\/a><\/p>\n<p><a href=\"\/cms\/wp-content\/data\/filiere-mp\/annales-de-la-banque-i\/session-2005\/sujet-tp-2005-i-lab.zip\">Compl\u00e9ment sujet d&rsquo;algorithmique et programmation 1<\/a><\/p>\n<p><a href=\"\/cms\/wp-content\/data\/filiere-mp\/annales-de-la-banque-i\/session-2005\/sujet-tp-2005-i-code_trois_adresses.pdf\">Sujet d&rsquo;algorithmique et programmation 2<\/a><\/p>\n<p><a href=\"\/cms\/wp-content\/data\/filiere-mp\/annales-de-la-banque-i\/session-2005\/sujet-tp-2005-i-genealogie.pdf\">Sujet d&rsquo;algorithmique et programmation 3<\/a><\/p>\n<p><a href=\"\/cms\/wp-content\/data\/filiere-mp\/annales-de-la-banque-i\/session-2005\/sujet-tp-2005-i-graphes_d_intervalles.pdf\">Sujet d&rsquo;algorithmique et programmation 4<\/a><\/p>\n<p><a href=\"\/cms\/wp-content\/data\/filiere-mp\/annales-de-la-banque-i\/session-2005\/sujet-tp-2005-i-jeux_et_coalitions.pdf\">Sujet d&rsquo;algorithmique et programmation 5<\/a><\/p>\n","protected":false},"excerpt":{"rendered":"<p>Sujets des \u00e9preuves \u00e9crites de la banque I, pour la session 2005. &nbsp; Sujet de fran\u00e7ais Sujet de langue vivante Sujet d&rsquo;informatique Sujet de math\u00e9matiques-informatique Sujet de chimie Sujet de math\u00e9matiques Sujet de physique Sujet d&rsquo;algorithmique et programmation 1 Compl\u00e9ment <a href=\"https:\/\/banques-ecoles.fr\/cms\/filiere-mp\/annales-de-la-banque-i\/session-2005\/\">[Lire la suite]<\/a><\/p>\n","protected":false},"author":1,"featured_media":0,"parent":727,"menu_order":2,"comment_status":"closed","ping_status":"open","template":"","meta":{"footnotes":""},"class_list":["post-778","page","type-page","status-publish","hentry"],"_links":{"self":[{"href":"https:\/\/banques-ecoles.fr\/cms\/wp-json\/wp\/v2\/pages\/778","targetHints":{"allow":["GET"]}}],"collection":[{"href":"https:\/\/banques-ecoles.fr\/cms\/wp-json\/wp\/v2\/pages"}],"about":[{"href":"https:\/\/banques-ecoles.fr\/cms\/wp-json\/wp\/v2\/types\/page"}],"author":[{"embeddable":true,"href":"https:\/\/banques-ecoles.fr\/cms\/wp-json\/wp\/v2\/users\/1"}],"replies":[{"embeddable":true,"href":"https:\/\/banques-ecoles.fr\/cms\/wp-json\/wp\/v2\/comments?post=778"}],"version-history":[{"count":4,"href":"https:\/\/banques-ecoles.fr\/cms\/wp-json\/wp\/v2\/pages\/778\/revisions"}],"predecessor-version":[{"id":2121,"href":"https:\/\/banques-ecoles.fr\/cms\/wp-json\/wp\/v2\/pages\/778\/revisions\/2121"}],"up":[{"embeddable":true,"href":"https:\/\/banques-ecoles.fr\/cms\/wp-json\/wp\/v2\/pages\/727"}],"wp:attachment":[{"href":"https:\/\/banques-ecoles.fr\/cms\/wp-json\/wp\/v2\/media?parent=778"}],"curies":[{"name":"wp","href":"https:\/\/api.w.org\/{rel}","templated":true}]}}