{"id":851,"date":"2013-02-26T09:51:10","date_gmt":"2013-02-26T08:51:10","guid":{"rendered":"http:\/\/banques-ecoles-dev.fr\/cms\/?page_id=851"},"modified":"2013-04-21T14:31:44","modified_gmt":"2013-04-21T13:31:44","slug":"session-2011","status":"publish","type":"page","link":"https:\/\/banques-ecoles.fr\/cms\/filiere-mp\/rapports-des-jurys-de-la-banque-i\/session-2011\/","title":{"rendered":"Session 2011"},"content":{"rendered":"<p>Rapports de jury des \u00e9preuves scientifiques et litt\u00e9raires de la session 2011.<\/p>\n<p>&nbsp;<\/p>\n<p><a href=\"\/cms\/wp-content\/data\/filiere-mp\/rapports-des-jurys-de-la-banque-i\/session-2011\/rap_ecrit_francais_xeulc_mppc2011.pdf\">Rapport de l&rsquo;\u00e9preuve \u00e9crite de fran\u00e7ais &#8211; XEULC &#8211; MP PC<\/a><\/p>\n<p><a href=\"\/cms\/wp-content\/data\/filiere-mp\/rapports-des-jurys-de-la-banque-i\/session-2011\/rap_ecrit_math_c_ulc_mp2011.pdf\">Rapport de l&rsquo;\u00e9preuve \u00e9crite de math\u00e9matiques C &#8211; ULC<\/a><\/p>\n<p><a href=\"\/cms\/wp-content\/data\/filiere-mp\/rapports-des-jurys-de-la-banque-i\/session-2011\/rap_tp_algo_ulc_mp2011.pdf\">Rapport du TP d&rsquo;algorithmique et programmation &#8211; ULC<\/a><\/p>\n<p><a href=\"\/cms\/wp-content\/data\/filiere-mp\/rapports-des-jurys-de-la-banque-i\/session-2011\/rap_oral_tipe_ulc_mp2011.pdf\">Rapport de l&rsquo;\u00e9preuve de TIPE &#8211; Physique<\/a><\/p>\n<p><a href=\"\/cms\/wp-content\/data\/filiere-mp\/rapports-des-jurys-de-la-banque-i\/session-2011\/rap_tipe_math_mp2011.pdf\">Rapport de l&rsquo;\u00e9preuve de TIPE &#8211; Math\u00e9matiques<\/a><\/p>\n<p><a href=\"\/cms\/wp-content\/data\/filiere-mp\/rapports-des-jurys-de-la-banque-i\/session-2011\/rap_tipe_info_ulc_mp2011.pdf\">Rapport de l&rsquo;\u00e9preuve de TIPE &#8211; Informatique<\/a><\/p>\n","protected":false},"excerpt":{"rendered":"<p>Rapports de jury des \u00e9preuves scientifiques et litt\u00e9raires de la session 2011. &nbsp; Rapport de l&rsquo;\u00e9preuve \u00e9crite de fran\u00e7ais &#8211; XEULC &#8211; MP PC Rapport de l&rsquo;\u00e9preuve \u00e9crite de math\u00e9matiques C &#8211; ULC Rapport du TP d&rsquo;algorithmique et programmation &#8211; <a href=\"https:\/\/banques-ecoles.fr\/cms\/filiere-mp\/rapports-des-jurys-de-la-banque-i\/session-2011\/\">[Lire la suite]<\/a><\/p>\n","protected":false},"author":1,"featured_media":0,"parent":729,"menu_order":1,"comment_status":"closed","ping_status":"open","template":"","meta":{"footnotes":""},"class_list":["post-851","page","type-page","status-publish","hentry"],"_links":{"self":[{"href":"https:\/\/banques-ecoles.fr\/cms\/wp-json\/wp\/v2\/pages\/851","targetHints":{"allow":["GET"]}}],"collection":[{"href":"https:\/\/banques-ecoles.fr\/cms\/wp-json\/wp\/v2\/pages"}],"about":[{"href":"https:\/\/banques-ecoles.fr\/cms\/wp-json\/wp\/v2\/types\/page"}],"author":[{"embeddable":true,"href":"https:\/\/banques-ecoles.fr\/cms\/wp-json\/wp\/v2\/users\/1"}],"replies":[{"embeddable":true,"href":"https:\/\/banques-ecoles.fr\/cms\/wp-json\/wp\/v2\/comments?post=851"}],"version-history":[{"count":3,"href":"https:\/\/banques-ecoles.fr\/cms\/wp-json\/wp\/v2\/pages\/851\/revisions"}],"predecessor-version":[{"id":2112,"href":"https:\/\/banques-ecoles.fr\/cms\/wp-json\/wp\/v2\/pages\/851\/revisions\/2112"}],"up":[{"embeddable":true,"href":"https:\/\/banques-ecoles.fr\/cms\/wp-json\/wp\/v2\/pages\/729"}],"wp:attachment":[{"href":"https:\/\/banques-ecoles.fr\/cms\/wp-json\/wp\/v2\/media?parent=851"}],"curies":[{"name":"wp","href":"https:\/\/api.w.org\/{rel}","templated":true}]}}