{"id":8524,"date":"2020-07-24T15:48:07","date_gmt":"2020-07-24T13:48:07","guid":{"rendered":"https:\/\/banques-ecoles.fr\/cms\/?page_id=8524"},"modified":"2023-10-30T19:11:28","modified_gmt":"2023-10-30T17:11:28","slug":"session-2020","status":"publish","type":"page","link":"https:\/\/banques-ecoles.fr\/cms\/filieres-universitaires-second-concours-scientifique\/annales-du-second-concours-de-lens-de-lyon\/session-2020\/","title":{"rendered":"Session 2020"},"content":{"rendered":"\n<p>Sujets des \u00e9preuves \u00e9crites du concours des fili\u00e8res universitaires de l\u2019ENS de Lyon, session 2020.<\/p>\n\n\n\n<p><a href=\"https:\/\/banques-ecoles.fr\/cms\/wp-content\/uploads\/2020\/11\/2c2020_bio.pdf\" target=\"_blank\" rel=\"noreferrer noopener\" aria-label=\"Sujet de l\u2019\u00e9crit de Biologie-Biochimie (opens in a new tab)\">Sujet de l\u2019\u00e9crit de Biologie-Biochimie<\/a><\/p>\n\n\n\n<p><a href=\"https:\/\/banques-ecoles.fr\/cms\/wp-content\/uploads\/2020\/11\/2c2020_chi.pdf\" target=\"_blank\" rel=\"noreferrer noopener\" aria-label=\"Sujet de l\u2019\u00e9crit de Chimie (opens in a new tab)\">Sujet de l\u2019\u00e9crit de Chimie<\/a><\/p>\n\n\n\n<p><a href=\"https:\/\/banques-ecoles.fr\/cms\/wp-content\/uploads\/2020\/11\/2c2020_geol.pdf\" target=\"_blank\" rel=\"noreferrer noopener\" aria-label=\"Sujet de l\u2019\u00e9crit de G\u00e9osciences (opens in a new tab)\">Sujet de l\u2019\u00e9crit de G\u00e9osciences<\/a><\/p>\n\n\n\n<p><a href=\"https:\/\/banques-ecoles.fr\/cms\/wp-content\/uploads\/2020\/07\/20_2c_ephy.pdf\" target=\"_blank\" rel=\"noreferrer noopener\" aria-label=\"Sujet de l\u2019\u00e9crit de Physique (opens in a new tab)\">Sujet de l\u2019\u00e9crit de Physique<\/a><\/p>\n\n\n\n<p><a href=\"https:\/\/banques-ecoles.fr\/cms\/wp-content\/uploads\/2020\/11\/2c2020_math.pdf\" target=\"_blank\" rel=\"noreferrer noopener\" aria-label=\"Sujet de l\u2019\u00e9crit de Math\u00e9matiques (opens in a new tab)\">Sujet de l\u2019\u00e9crit de Math\u00e9matiques<\/a><\/p>\n\n\n\n<p><a href=\"https:\/\/banques-ecoles.fr\/cms\/wp-content\/uploads\/2020\/11\/2c2020_info.pdf\" target=\"_blank\" rel=\"noreferrer noopener\" aria-label=\"Sujet de l\u2019\u00e9crit d\u2019Informatique (opens in a new tab)\">Sujet de l\u2019\u00e9crit d\u2019Informatique<\/a><\/p>\n","protected":false},"excerpt":{"rendered":"<p>Sujets des \u00e9preuves \u00e9crites du concours des fili\u00e8res universitaires de l\u2019ENS de Lyon, session 2020. Sujet de l\u2019\u00e9crit de Biologie-Biochimie Sujet de l\u2019\u00e9crit de Chimie Sujet de l\u2019\u00e9crit de G\u00e9osciences Sujet de l\u2019\u00e9crit de Physique Sujet de l\u2019\u00e9crit de Math\u00e9matiques <a href=\"https:\/\/banques-ecoles.fr\/cms\/filieres-universitaires-second-concours-scientifique\/annales-du-second-concours-de-lens-de-lyon\/session-2020\/\">[Lire la suite]<\/a><\/p>\n","protected":false},"author":5,"featured_media":0,"parent":1184,"menu_order":0,"comment_status":"closed","ping_status":"closed","template":"","meta":{"footnotes":""},"class_list":["post-8524","page","type-page","status-publish","hentry"],"_links":{"self":[{"href":"https:\/\/banques-ecoles.fr\/cms\/wp-json\/wp\/v2\/pages\/8524","targetHints":{"allow":["GET"]}}],"collection":[{"href":"https:\/\/banques-ecoles.fr\/cms\/wp-json\/wp\/v2\/pages"}],"about":[{"href":"https:\/\/banques-ecoles.fr\/cms\/wp-json\/wp\/v2\/types\/page"}],"author":[{"embeddable":true,"href":"https:\/\/banques-ecoles.fr\/cms\/wp-json\/wp\/v2\/users\/5"}],"replies":[{"embeddable":true,"href":"https:\/\/banques-ecoles.fr\/cms\/wp-json\/wp\/v2\/comments?post=8524"}],"version-history":[{"count":9,"href":"https:\/\/banques-ecoles.fr\/cms\/wp-json\/wp\/v2\/pages\/8524\/revisions"}],"predecessor-version":[{"id":8695,"href":"https:\/\/banques-ecoles.fr\/cms\/wp-json\/wp\/v2\/pages\/8524\/revisions\/8695"}],"up":[{"embeddable":true,"href":"https:\/\/banques-ecoles.fr\/cms\/wp-json\/wp\/v2\/pages\/1184"}],"wp:attachment":[{"href":"https:\/\/banques-ecoles.fr\/cms\/wp-json\/wp\/v2\/media?parent=8524"}],"curies":[{"name":"wp","href":"https:\/\/api.w.org\/{rel}","templated":true}]}}