{"id":88,"date":"2012-11-29T14:09:12","date_gmt":"2012-11-29T13:09:12","guid":{"rendered":"http:\/\/127.0.0.1\/wordpress342\/?page_id=88"},"modified":"2013-12-16T10:35:11","modified_gmt":"2013-12-16T09:35:11","slug":"documents-a-telecharger","status":"publish","type":"page","link":"https:\/\/banques-ecoles.fr\/cms\/documents-a-telecharger\/","title":{"rendered":"Documents \u00e0 t\u00e9l\u00e9charger"},"content":{"rendered":"<h2>Information<\/h2>\n<p>&nbsp;<\/p>\n<ul>\n<li>Tous les documents \u00e0 t\u00e9l\u00e9charger, publics ou priv\u00e9s, sont propos\u00e9s depuis la page d&rsquo;accueil du site <a href=\"\/\">https:\/\/banques-ecoles.fr<\/a><\/li>\n<\/ul>\n<p>&nbsp;<\/p>\n<ul>\n<li>Pour retirer des documents priv\u00e9s vous devez vous connecter (1) et vous identifier avec votre num\u00e9ro de candidat SCEI et votre code signature confidentiel SCEI.<\/li>\n<\/ul>\n<p>(1) \u00ab\u00a0Se connecter\u00a0\u00bb appara\u00eet en haut \u00e0 gauche de la page d&rsquo;accueil du site https:\/\/banques-ecoles.fr<\/p>\n","protected":false},"excerpt":{"rendered":"<p>Information &nbsp; Tous les documents \u00e0 t\u00e9l\u00e9charger, publics ou priv\u00e9s, sont propos\u00e9s depuis la page d&rsquo;accueil du site https:\/\/banques-ecoles.fr &nbsp; Pour retirer des documents priv\u00e9s vous devez vous connecter (1) et vous identifier avec votre num\u00e9ro de candidat SCEI et <a href=\"https:\/\/banques-ecoles.fr\/cms\/documents-a-telecharger\/\">[Lire la suite]<\/a><\/p>\n","protected":false},"author":1,"featured_media":0,"parent":0,"menu_order":11,"comment_status":"closed","ping_status":"closed","template":"","meta":{"footnotes":""},"class_list":["post-88","page","type-page","status-publish","hentry"],"_links":{"self":[{"href":"https:\/\/banques-ecoles.fr\/cms\/wp-json\/wp\/v2\/pages\/88","targetHints":{"allow":["GET"]}}],"collection":[{"href":"https:\/\/banques-ecoles.fr\/cms\/wp-json\/wp\/v2\/pages"}],"about":[{"href":"https:\/\/banques-ecoles.fr\/cms\/wp-json\/wp\/v2\/types\/page"}],"author":[{"embeddable":true,"href":"https:\/\/banques-ecoles.fr\/cms\/wp-json\/wp\/v2\/users\/1"}],"replies":[{"embeddable":true,"href":"https:\/\/banques-ecoles.fr\/cms\/wp-json\/wp\/v2\/comments?post=88"}],"version-history":[{"count":10,"href":"https:\/\/banques-ecoles.fr\/cms\/wp-json\/wp\/v2\/pages\/88\/revisions"}],"predecessor-version":[{"id":1408,"href":"https:\/\/banques-ecoles.fr\/cms\/wp-json\/wp\/v2\/pages\/88\/revisions\/1408"}],"wp:attachment":[{"href":"https:\/\/banques-ecoles.fr\/cms\/wp-json\/wp\/v2\/media?parent=88"}],"curies":[{"name":"wp","href":"https:\/\/api.w.org\/{rel}","templated":true}]}}