{"id":968,"date":"2013-02-26T14:33:36","date_gmt":"2013-02-26T13:33:36","guid":{"rendered":"http:\/\/banques-ecoles-dev.fr\/cms\/?page_id=968"},"modified":"2025-05-17T16:22:10","modified_gmt":"2025-05-17T14:22:10","slug":"annales-de-la-banque-pc","status":"publish","type":"page","link":"https:\/\/banques-ecoles.fr\/cms\/filiere-pc\/annales-de-la-banque-pc\/","title":{"rendered":"Annales de la banque PC class\u00e9es par ann\u00e9e"},"content":{"rendered":"<p>Sujets des \u00e9preuves \u00e9crites des concours de la fili\u00e8re PC.<\/p>\n<p><span style=\"color: #ffffff;\">x<\/span><\/p>\n<p><a href=\"https:\/\/banques-ecoles.fr\/cms\/session-2025-3\/\" target=\"_blank\" rel=\"noopener\">Session 2025<\/a><\/p>\n<p><a href=\"https:\/\/banques-ecoles.fr\/cms\/session-2024\/\" target=\"_blank\" rel=\"noopener\">Session 2024<\/a><\/p>\n<p><a href=\"https:\/\/banques-ecoles.fr\/cms\/session-2023-2\/\" target=\"_blank\" rel=\"noopener\">Session 2023<\/a><\/p>\n<p><a href=\"https:\/\/banques-ecoles.fr\/cms\/session-2022-4\/\" target=\"_blank\" rel=\"noopener\">Session 2022<\/a><\/p>\n<p><a href=\"https:\/\/banques-ecoles.fr\/cms\/session-2021-3\/\">Session 2021<\/a><\/p>\n<p><a href=\"https:\/\/banques-ecoles.fr\/cms\/filiere-pc\/annales-de-la-banque-pc\/session-2020\/\" target=\"_blank\" rel=\"noopener noreferrer\">Session 2020<\/a><\/p>\n<p><a href=\"https:\/\/banques-ecoles.fr\/cms\/session-2019-pc\/\" target=\"_blank\" rel=\"noopener noreferrer\">Session 2019<\/a><\/p>\n<p><a href=\"https:\/\/banques-ecoles.fr\/cms\/filiere-pc\/annales-de-la-banque-pc\/session-2018\/\" target=\"_blank\" rel=\"noopener noreferrer\">Session 2018<\/a><\/p>\n<p><a href=\"https:\/\/banques-ecoles.fr\/cms\/filiere-pc\/annales-de-la-banque-pc\/session-2017\/\">Session 2017<\/a><\/p>\n<p><a href=\"https:\/\/banques-ecoles.fr\/cms\/filiere-pc\/annales-de-la-banque-pc\/session-2016\/\">Session 2016<\/a><\/p>\n<p><a href=\"https:\/\/banques-ecoles.fr\/cms\/filiere-pc\/annales-de-la-banque-pc\/session-2015\/%20\">Session 2015<\/a><\/p>\n<p><a href=\"https:\/\/banques-ecoles.fr\/cms\/filiere-pc\/annales-de-la-banque-pc\/session-2014\/\">Session 2014<\/a><\/p>\n<p><a href=\"\/cms\/filiere-pc\/annales-de-la-banque-pc\/session-2013\">Session 2013<\/a><\/p>\n<p><a href=\"\/cms\/filiere-pc\/annales-de-la-banque-pc\/session-2012\">Session 2012<\/a><\/p>\n<p><a href=\"\/cms\/filiere-pc\/annales-de-la-banque-pc\/session-2011\">Session 2011<\/a><\/p>\n<p><a href=\"\/cms\/filiere-pc\/annales-de-la-banque-pc\/session-2010\">Session 2010<\/a><\/p>\n<p><a href=\"\/cms\/filiere-pc\/annales-de-la-banque-pc\/session-2009\">Session 2009<\/a><\/p>\n<p><a href=\"\/cms\/filiere-pc\/annales-de-la-banque-pc\/session-2008\">Session 2008<\/a><\/p>\n<p><a href=\"\/cms\/filiere-pc\/annales-de-la-banque-pc\/session-2007\">Session 2007<\/a><\/p>\n<p><a href=\"\/cms\/filiere-pc\/annales-de-la-banque-pc\/session-2006\">Session 2006<\/a><\/p>\n<p><a href=\"\/cms\/filiere-pc\/annales-de-la-banque-pc\/session-2005\">Session 2005<\/a><\/p>\n<p><a href=\"\/cms\/filiere-pc\/annales-de-la-banque-pc\/session-2004\">Session 2004<\/a><\/p>\n<p><a href=\"\/cms\/filiere-pc\/annales-de-la-banque-pc\/session-2003\">Session 2003<\/a><\/p>\n","protected":false},"excerpt":{"rendered":"<p>Sujets des \u00e9preuves \u00e9crites des concours de la fili\u00e8re PC. x Session 2025 Session 2024 Session 2023 Session 2022 Session 2021 Session 2020 Session 2019 Session 2018 Session 2017 Session 2016 Session 2015 Session 2014 Session 2013 Session 2012 Session <a href=\"https:\/\/banques-ecoles.fr\/cms\/filiere-pc\/annales-de-la-banque-pc\/\">[Lire la suite]<\/a><\/p>\n","protected":false},"author":1,"featured_media":0,"parent":74,"menu_order":0,"comment_status":"closed","ping_status":"open","template":"","meta":{"footnotes":""},"class_list":["post-968","page","type-page","status-publish","hentry"],"_links":{"self":[{"href":"https:\/\/banques-ecoles.fr\/cms\/wp-json\/wp\/v2\/pages\/968","targetHints":{"allow":["GET"]}}],"collection":[{"href":"https:\/\/banques-ecoles.fr\/cms\/wp-json\/wp\/v2\/pages"}],"about":[{"href":"https:\/\/banques-ecoles.fr\/cms\/wp-json\/wp\/v2\/types\/page"}],"author":[{"embeddable":true,"href":"https:\/\/banques-ecoles.fr\/cms\/wp-json\/wp\/v2\/users\/1"}],"replies":[{"embeddable":true,"href":"https:\/\/banques-ecoles.fr\/cms\/wp-json\/wp\/v2\/comments?post=968"}],"version-history":[{"count":32,"href":"https:\/\/banques-ecoles.fr\/cms\/wp-json\/wp\/v2\/pages\/968\/revisions"}],"predecessor-version":[{"id":12698,"href":"https:\/\/banques-ecoles.fr\/cms\/wp-json\/wp\/v2\/pages\/968\/revisions\/12698"}],"up":[{"embeddable":true,"href":"https:\/\/banques-ecoles.fr\/cms\/wp-json\/wp\/v2\/pages\/74"}],"wp:attachment":[{"href":"https:\/\/banques-ecoles.fr\/cms\/wp-json\/wp\/v2\/media?parent=968"}],"curies":[{"name":"wp","href":"https:\/\/api.w.org\/{rel}","templated":true}]}}