{"id":972,"date":"2013-02-26T14:33:59","date_gmt":"2013-02-26T13:33:59","guid":{"rendered":"http:\/\/banques-ecoles-dev.fr\/cms\/?page_id=972"},"modified":"2013-02-26T15:31:25","modified_gmt":"2013-02-26T14:31:25","slug":"les-rapports-des-presidents-et-vice-presidents","status":"publish","type":"page","link":"https:\/\/banques-ecoles.fr\/cms\/filiere-pc\/les-rapports-des-presidents-et-vice-presidents\/","title":{"rendered":"Les rapports des pr\u00e9sidents et vice-pr\u00e9sidents"},"content":{"rendered":"<p>Document donnant acc\u00e8s aux rapports des pr\u00e9sidents et vice-pr\u00e9sidents des concours d&rsquo;admission des ENS pour la fili\u00e8re PC<\/p>\n<p>&nbsp;<\/p>\n<p>&nbsp;<\/p>\n<table style=\"width: 500px;\" border=\"1\" cellspacing=\"0\" cellpadding=\"1\">\n<tbody>\n<tr>\n<td>Ann\u00e9e<\/td>\n<td>Mot du directeur<\/td>\n<td>Rapport des vice-pr\u00e9sidents<\/td>\n<td>\u00c9l\u00e9ments statistiques<\/td>\n<\/tr>\n<tr>\n<td>2010<\/td>\n<td>\n<div>ENS (Paris)<\/div>\n<div>ENS Cachan<\/div>\n<div>ENS Lyon<\/div>\n<\/td>\n<td>\n<div>ENS (Paris)<\/div>\n<div>ENS Cachan<\/div>\n<div>ENS Lyon<\/div>\n<\/td>\n<td>\n<div>ENS (Paris)<\/div>\n<div>ENS Cachan<\/div>\n<div>ENS Lyon<\/div>\n<\/td>\n<\/tr>\n<tr>\n<td>2009<\/td>\n<td>\n<div>ENS (Paris)<\/div>\n<div>ENS Cachan<\/div>\n<div>ENS Lyon<\/div>\n<\/td>\n<td>\n<div>ENS (Paris)<\/div>\n<div>ENS Cachan<\/div>\n<div>ENS Lyon<\/div>\n<\/td>\n<td>\n<div>ENS (Paris)<\/div>\n<div>ENS Cachan<\/div>\n<div>ENS Lyon<\/div>\n<\/td>\n<\/tr>\n<tr>\n<td>2008<\/td>\n<td>\n<div>ENS (Paris)<\/div>\n<div>ENS Cachan<\/div>\n<div>ENS Lyon<\/div>\n<\/td>\n<td>\n<div><a href=\"\/cms\/wp-content\/data\/filiere-pc\/rapports-des-presidents-et-vice-presidents\/rapport_president_pc_paris_2008.pdf\">ENS (Paris)<\/a><\/div>\n<div>ENS Cachan<\/div>\n<div>ENS Lyon<\/div>\n<\/td>\n<td>\n<div>ENS (Paris)<\/div>\n<div>ENS Cachan<\/div>\n<div>ENS Lyon<\/div>\n<\/td>\n<\/tr>\n<tr>\n<td>2007<\/td>\n<td>\n<div>ENS (Paris)<\/div>\n<div>ENS Cachan<\/div>\n<div>ENS Lyon<\/div>\n<\/td>\n<td>\n<div><a href=\"\/cms\/wp-content\/data\/filiere-pc\/rapports-des-presidents-et-vice-presidents\/rapport_president_pc_paris_2007.pdf\">ENS (Paris)<\/a><\/div>\n<div>ENS Cachan<\/div>\n<div>ENS Lyon<\/div>\n<\/td>\n<td>\n<div>ENS (Paris)<\/div>\n<div>ENS Cachan<\/div>\n<div>ENS Lyon<\/div>\n<\/td>\n<\/tr>\n<tr>\n<td>2006<\/td>\n<td>\n<div>ENS (Paris)<\/div>\n<div>ENS Cachan<\/div>\n<div>ENS Lyon<\/div>\n<\/td>\n<td>\n<div><a href=\"\/cms\/wp-content\/data\/filiere-pc\/rapports-des-presidents-et-vice-presidents\/rapport_president_pc_paris_2006.pdf\">ENS (Paris)<\/a><\/div>\n<div>ENS Cachan<\/div>\n<div>ENS Lyon<\/div>\n<\/td>\n<td>\n<div>ENS (Paris)<\/div>\n<div>ENS Cachan<\/div>\n<div>ENS Lyon<\/div>\n<\/td>\n<\/tr>\n<tr>\n<td>2005<\/td>\n<td>\n<div>ENS (Paris)<\/div>\n<div>ENS Cachan<\/div>\n<div>ENS Lyon<\/div>\n<\/td>\n<td>\n<div>ENS (Paris)<\/div>\n<div>ENS Cachan<\/div>\n<div>ENS Lyon<\/div>\n<\/td>\n<td>\n<div>ENS (Paris)<\/div>\n<div>ENS Cachan<\/div>\n<div>ENS Lyon<\/div>\n<\/td>\n<\/tr>\n<tr>\n<td>2004<\/td>\n<td>\n<div><a href=\"\/cms\/wp-content\/data\/filiere-pc\/rapports-des-presidents-et-vice-presidents\/mot_directeurs_2004.pdf\">ENS (Paris)<\/a><\/div>\n<div><a href=\"\/cms\/wp-content\/data\/filiere-pc\/rapports-des-presidents-et-vice-presidents\/mot_directeurs_2004.pdf\">ENS Cachan<\/a><\/div>\n<div><a href=\"\/cms\/wp-content\/data\/filiere-pc\/rapports-des-presidents-et-vice-presidents\/mot_directeurs_2004.pdf\">ENS Lyon<\/a><\/div>\n<\/td>\n<td>\n<div><a href=\"\/cms\/wp-content\/data\/filiere-pc\/rapports-des-presidents-et-vice-presidents\/cursus_debouches_pc_paris_2004.pdf\">ENS (Paris)<\/a><\/div>\n<div><a href=\"\/cms\/wp-content\/data\/filiere-pc\/rapports-des-presidents-et-vice-presidents\/cursus_debouches_pc_cachan_2004.pdf\">ENS Cachan<\/a><\/div>\n<div>ENS Lyon<\/div>\n<\/td>\n<td>\n<div><a href=\"\/cms\/wp-content\/data\/filiere-pc\/rapports-des-presidents-et-vice-presidents\/rapport_president_pc_paris_2004.pdf\">ENS (Paris)<\/a><\/div>\n<div><a href=\"\/cms\/wp-content\/data\/filiere-pc\/rapports-des-presidents-et-vice-presidents\/rapport_president_pc_cachan_2004.pdf\">ENS Cachan<\/a><\/div>\n<div>ENS Lyon<\/div>\n<\/td>\n<\/tr>\n<tr>\n<td>2003<\/td>\n<td>\n<div>ENS (Paris)<\/div>\n<div>ENS Cachan<\/div>\n<div>ENS Lyon<\/div>\n<\/td>\n<td>\n<div>ENS (Paris)<\/div>\n<div>ENS Cachan<\/div>\n<div>ENS Lyon<\/div>\n<\/td>\n<td>\n<div>ENS (Paris)<\/div>\n<div>ENS Cachan<\/div>\n<div>ENS Lyon<\/div>\n<\/td>\n<\/tr>\n<\/tbody>\n<\/table>\n","protected":false},"excerpt":{"rendered":"<p>Document donnant acc\u00e8s aux rapports des pr\u00e9sidents et vice-pr\u00e9sidents des concours d&rsquo;admission des ENS pour la fili\u00e8re PC &nbsp; &nbsp; Ann\u00e9e Mot du directeur Rapport des vice-pr\u00e9sidents \u00c9l\u00e9ments statistiques 2010 ENS (Paris) ENS Cachan ENS Lyon ENS (Paris) ENS Cachan <a href=\"https:\/\/banques-ecoles.fr\/cms\/filiere-pc\/les-rapports-des-presidents-et-vice-presidents\/\">[Lire la suite]<\/a><\/p>\n","protected":false},"author":1,"featured_media":0,"parent":74,"menu_order":4,"comment_status":"closed","ping_status":"open","template":"","meta":{"footnotes":""},"class_list":["post-972","page","type-page","status-publish","hentry"],"_links":{"self":[{"href":"https:\/\/banques-ecoles.fr\/cms\/wp-json\/wp\/v2\/pages\/972","targetHints":{"allow":["GET"]}}],"collection":[{"href":"https:\/\/banques-ecoles.fr\/cms\/wp-json\/wp\/v2\/pages"}],"about":[{"href":"https:\/\/banques-ecoles.fr\/cms\/wp-json\/wp\/v2\/types\/page"}],"author":[{"embeddable":true,"href":"https:\/\/banques-ecoles.fr\/cms\/wp-json\/wp\/v2\/users\/1"}],"replies":[{"embeddable":true,"href":"https:\/\/banques-ecoles.fr\/cms\/wp-json\/wp\/v2\/comments?post=972"}],"version-history":[{"count":3,"href":"https:\/\/banques-ecoles.fr\/cms\/wp-json\/wp\/v2\/pages\/972\/revisions"}],"predecessor-version":[{"id":1139,"href":"https:\/\/banques-ecoles.fr\/cms\/wp-json\/wp\/v2\/pages\/972\/revisions\/1139"}],"up":[{"embeddable":true,"href":"https:\/\/banques-ecoles.fr\/cms\/wp-json\/wp\/v2\/pages\/74"}],"wp:attachment":[{"href":"https:\/\/banques-ecoles.fr\/cms\/wp-json\/wp\/v2\/media?parent=972"}],"curies":[{"name":"wp","href":"https:\/\/api.w.org\/{rel}","templated":true}]}}